CRAN Package Check Results for Package prolific.api

Last updated on 2024-06-17 04:48:57 CEST.

Flavor Version Tinstall Tcheck Ttotal Status Flags
r-devel-linux-x86_64-debian-clang 0.5.2 7.42 54.65 62.07 NOTE
r-devel-linux-x86_64-debian-gcc 0.5.2 4.24 41.25 45.49 NOTE
r-devel-linux-x86_64-fedora-clang 0.5.2 75.82 NOTE
r-devel-linux-x86_64-fedora-gcc 0.5.2 84.32 NOTE
r-devel-windows-x86_64 0.5.2 7.00 71.00 78.00 NOTE
r-patched-linux-x86_64 0.5.2 5.77 53.17 58.94 NOTE
r-release-linux-x86_64 0.5.2 5.09 53.71 58.80 NOTE
r-release-macos-arm64 0.5.2 42.00 NOTE
r-release-macos-x86_64 0.5.2 48.00 NOTE
r-release-windows-x86_64 0.5.2 5.00 71.00 76.00 NOTE
r-oldrel-macos-arm64 0.5.2 36.00 OK
r-oldrel-macos-x86_64 0.5.2 86.00 OK
r-oldrel-windows-x86_64 0.5.2 5.00 73.00 78.00 OK

Check Details

Version: 0.5.2
Check: Rd files
Result: NOTE checkRd: (-1) prolific_prescreener.Rd:254: Lost braces in \itemize; meant \describe ? checkRd: (-1) prolific_prescreener.Rd:255: Lost braces in \itemize; meant \describe ? checkRd: (-1) prolific_study.Rd:95: Lost braces in \itemize; meant \describe ? checkRd: (-1) prolific_study.Rd:96: Lost braces in \itemize; meant \describe ? checkRd: (-1) prolific_study.Rd:97: Lost braces in \itemize; meant \describe ? checkRd: (-1) prolific_study.Rd:109: Lost braces in \itemize; meant \describe ? checkRd: (-1) prolific_study.Rd:110: Lost braces in \itemize; meant \describe ? checkRd: (-1) prolific_study.Rd:149: Lost braces in \itemize; meant \describe ? checkRd: (-1) prolific_study.Rd:150: Lost braces in \itemize; meant \describe ? checkRd: (-1) prolific_study.Rd:151: Lost braces in \itemize; meant \describe ? checkRd: (-1) prolific_study.Rd:243: Lost braces in \itemize; meant \describe ? checkRd: (-1) prolific_study.Rd:244: Lost braces in \itemize; meant \describe ? Flavors: r-devel-linux-x86_64-debian-clang, r-devel-linux-x86_64-debian-gcc, r-devel-linux-x86_64-fedora-clang, r-devel-linux-x86_64-fedora-gcc, r-devel-windows-x86_64, r-patched-linux-x86_64, r-release-linux-x86_64, r-release-macos-arm64, r-release-macos-x86_64, r-release-windows-x86_64