Last updated on 2023-01-29 03:55:22 CET.
Flavor | Version | Tinstall | Tcheck | Ttotal | Status | Flags |
---|---|---|---|---|---|---|
r-devel-linux-x86_64-debian-clang | 2.3.0 | 53.64 | 205.56 | 259.20 | NOTE | |
r-devel-linux-x86_64-debian-gcc | 2.3.0 | 44.27 | 150.43 | 194.70 | NOTE | |
r-devel-linux-x86_64-fedora-clang | 2.3.0 | 338.20 | NOTE | |||
r-devel-linux-x86_64-fedora-gcc | 2.3.0 | 326.67 | NOTE | |||
r-patched-linux-x86_64 | 2.3.0 | 45.04 | 192.57 | 237.61 | NOTE | |
r-release-linux-x86_64 | 2.3.0 | 46.60 | 191.99 | 238.59 | NOTE | |
r-release-macos-arm64 | 2.3.0 | 87.00 | NOTE | |||
r-release-macos-x86_64 | 2.3.0 | 119.00 | NOTE | |||
r-release-windows-x86_64 | 2.3.0 | 11.00 | 9.00 | 20.00 | ERROR | |
r-oldrel-macos-arm64 | 2.3.0 | 88.00 | NOTE | |||
r-oldrel-macos-x86_64 | 2.3.0 | 112.00 | NOTE | |||
r-oldrel-windows-ix86+x86_64 | 2.3.0 | 2.00 | 24.00 | 26.00 | ERROR |
Version: 2.3.0
Check: package dependencies
Result: NOTE
Package suggested but not available for checking: ‘cmdstanr’
Flavors: r-devel-linux-x86_64-debian-clang, r-devel-linux-x86_64-debian-gcc, r-devel-linux-x86_64-fedora-clang, r-devel-linux-x86_64-fedora-gcc, r-patched-linux-x86_64, r-release-linux-x86_64, r-release-macos-arm64, r-release-macos-x86_64, r-release-windows-x86_64, r-oldrel-macos-arm64, r-oldrel-macos-x86_64, r-oldrel-windows-ix86+x86_64
Version: 2.3.0
Check: whether package can be installed
Result: ERROR
Installation failed.
Flavors: r-release-windows-x86_64, r-oldrel-windows-ix86+x86_64