CRAN Package Check Results for Package projects

Last updated on 2020-10-01 15:48:35 CEST.

Flavor Version Tinstall Tcheck Ttotal Status Flags
r-devel-linux-x86_64-debian-clang 2.1.1 6.06 51.58 57.64 OK
r-devel-linux-x86_64-debian-gcc 2.1.1 4.45 39.11 43.56 OK
r-devel-linux-x86_64-fedora-clang 2.1.1 76.86 NOTE
r-devel-linux-x86_64-fedora-gcc 2.1.1 66.03 NOTE
r-devel-windows-ix86+x86_64 2.1.1 9.00 54.00 63.00 OK
r-patched-linux-x86_64 2.1.1 5.60 48.68 54.28 OK
r-patched-solaris-x86 2.1.1 92.40 NOTE
r-release-linux-x86_64 2.1.1 5.29 48.69 53.98 OK
r-release-macos-x86_64 2.1.1 NOTE
r-release-windows-ix86+x86_64 2.1.1 12.00 70.00 82.00 OK
r-oldrel-macos-x86_64 2.1.1 NOTE
r-oldrel-windows-ix86+x86_64 2.1.1 10.00 73.00 83.00 OK

Check Details

Version: 2.1.1
Check: dependencies in R code
Result: NOTE
    Namespace in Imports field not imported from: ‘methods’
     All declared Imports should be used.
Flavors: r-devel-linux-x86_64-fedora-clang, r-devel-linux-x86_64-fedora-gcc, r-patched-solaris-x86, r-release-macos-x86_64, r-oldrel-macos-x86_64