CRAN Package Check Results for Package progressr

Last updated on 2020-11-30 03:47:49 CET.

Flavor Version Tinstall Tcheck Ttotal Status Flags
r-devel-linux-x86_64-debian-clang 0.6.0 4.76 76.64 81.40 OK
r-devel-linux-x86_64-debian-gcc 0.6.0 3.34 61.17 64.51 OK
r-devel-linux-x86_64-fedora-clang 0.6.0 107.03 OK
r-devel-linux-x86_64-fedora-gcc 0.6.0 87.49 OK
r-devel-windows-ix86+x86_64 0.6.0 7.00 129.00 136.00 OK
r-patched-linux-x86_64 0.6.0 4.57 82.67 87.24 OK
r-patched-solaris-x86 0.6.0 154.10 OK
r-release-linux-x86_64 0.6.0 4.71 89.49 94.20 OK
r-release-macos-x86_64 0.6.0 OK
r-release-windows-ix86+x86_64 0.6.0 8.00 134.00 142.00 OK
r-oldrel-macos-x86_64 0.6.0 NOTE
r-oldrel-windows-ix86+x86_64 0.6.0 6.00 132.00 138.00 OK

Check Details

Version: 0.6.0
Check: dependencies in R code
Result: NOTE
    No protocol specified
    No protocol specified
Flavor: r-oldrel-macos-x86_64