CRAN Package Check Results for Package profile

Last updated on 2020-11-25 15:52:05 CET.

Flavor Version Tinstall Tcheck Ttotal Status Flags
r-devel-linux-x86_64-debian-clang 1.0.2 4.00 41.29 45.29 OK
r-devel-linux-x86_64-debian-gcc 1.0.2 3.43 32.59 36.02 OK
r-devel-linux-x86_64-fedora-clang 1.0.2 58.64 OK
r-devel-linux-x86_64-fedora-gcc 1.0.2 47.91 OK
r-devel-windows-ix86+x86_64 1.0.2 8.00 56.00 64.00 OK
r-patched-linux-x86_64 1.0.2 4.30 38.17 42.47 OK
r-patched-solaris-x86 1.0.2 71.40 NOTE
r-release-linux-x86_64 1.0.2 3.87 40.14 44.01 OK
r-release-macos-x86_64 1.0.2 NOTE
r-release-windows-ix86+x86_64 1.0.2 8.00 47.00 55.00 OK
r-oldrel-macos-x86_64 1.0.2 OK
r-oldrel-windows-ix86+x86_64 1.0.2 5.00 41.00 46.00 OK

Check Details

Version: 1.0.2
Check: package dependencies
Result: NOTE
    Package suggested but not available for checking: ‘RProtoBuf’
Flavor: r-patched-solaris-x86

Version: 1.0.2
Check: package dependencies
Result: NOTE
    Package suggested but not available for checking: ‘dm’
Flavor: r-release-macos-x86_64

Version: 1.0.2
Check: Rd cross-references
Result: NOTE
    Package unavailable to check Rd xrefs: ‘dm’
Flavor: r-release-macos-x86_64