Last updated on 2023-10-01 05:05:50 CEST.
Flavor | Version | Tinstall | Tcheck | Ttotal | Status | Flags |
---|---|---|---|---|---|---|
r-devel-linux-x86_64-debian-clang | 0.5.3 | 30.86 | 136.13 | 166.99 | OK | |
r-devel-linux-x86_64-debian-gcc | 0.5.3 | 22.76 | 91.53 | 114.29 | OK | |
r-devel-linux-x86_64-fedora-clang | 0.5.3 | 207.60 | NOTE | |||
r-devel-linux-x86_64-fedora-gcc | 0.5.3 | 219.22 | OK | |||
r-devel-windows-x86_64 | 0.5.3 | 26.00 | 121.00 | 147.00 | OK | |
r-patched-linux-x86_64 | 0.5.3 | 33.37 | 117.28 | 150.65 | OK | |
r-release-linux-x86_64 | 0.5.3 | 21.60 | 116.30 | 137.90 | OK | |
r-release-macos-arm64 | 0.5.3 | 57.00 | OK | |||
r-release-macos-x86_64 | 0.5.3 | 90.00 | OK | |||
r-release-windows-x86_64 | 0.5.3 | 37.00 | 144.00 | 181.00 | OK | |
r-oldrel-macos-arm64 | 0.5.3 | 51.00 | OK | |||
r-oldrel-macos-x86_64 | 0.5.3 | 73.00 | OK | |||
r-oldrel-windows-x86_64 | 0.5.3 | 35.00 | 148.00 | 183.00 | OK |
Version: 0.5.3
Check: package dependencies
Result: NOTE
Imports includes 21 non-default packages.
Importing from so many packages makes the package vulnerable to any of
them becoming unavailable. Move as many as possible to Suggests and
use conditionally.
Flavor: r-devel-linux-x86_64-fedora-clang