CRAN Package Check Results for Package processmapR

Last updated on 2020-09-27 03:46:40 CEST.

Flavor Version Tinstall Tcheck Ttotal Status Flags
r-devel-linux-x86_64-debian-clang 0.3.4 26.78 77.71 104.49 OK
r-devel-linux-x86_64-debian-gcc 0.3.4 19.14 56.28 75.42 OK
r-devel-linux-x86_64-fedora-clang 0.3.4 147.48 NOTE
r-devel-linux-x86_64-fedora-gcc 0.3.4 124.95 OK
r-devel-windows-ix86+x86_64 0.3.4 66.00 143.00 209.00 OK
r-patched-linux-x86_64 0.3.4 23.57 69.14 92.71 OK
r-patched-solaris-x86 0.3.4 166.20 OK
r-release-linux-x86_64 0.3.4 23.43 69.94 93.37 OK
r-release-macos-x86_64 0.3.4 OK
r-release-windows-ix86+x86_64 0.3.4 67.00 136.00 203.00 OK
r-oldrel-macos-x86_64 0.3.4 OK
r-oldrel-windows-ix86+x86_64 0.3.4 61.00 125.00 186.00 OK

Check Details

Version: 0.3.4
Check: package dependencies
Result: NOTE
    Imports includes 21 non-default packages.
    Importing from so many packages makes the package vulnerable to any of
    them becoming unavailable. Move as many as possible to Suggests and
    use conditionally.
Flavor: r-devel-linux-x86_64-fedora-clang