CRAN Package Check Results for Package probably

Last updated on 2024-07-13 15:49:08 CEST.

Flavor Version Tinstall Tcheck Ttotal Status Flags
r-devel-linux-x86_64-debian-clang 1.0.3 17.60 387.76 405.36 OK
r-devel-linux-x86_64-debian-gcc 1.0.3 15.86 284.94 300.80 OK
r-devel-linux-x86_64-fedora-clang 1.0.3 517.62 NOTE
r-devel-linux-x86_64-fedora-gcc 1.0.3 489.39 OK
r-devel-windows-x86_64 1.0.3 16.00 288.00 304.00 OK
r-patched-linux-x86_64 1.0.3 14.07 369.96 384.03 OK
r-release-linux-x86_64 1.0.3 12.25 379.59 391.84 OK
r-release-macos-arm64 1.0.3 149.00 OK
r-release-macos-x86_64 1.0.3 217.00 OK
r-release-windows-x86_64 1.0.3 16.00 297.00 313.00 OK
r-oldrel-macos-arm64 1.0.3 151.00 OK
r-oldrel-macos-x86_64 1.0.3 374.00 OK
r-oldrel-windows-x86_64 1.0.3 23.00 356.00 379.00 OK

Check Details

Version: 1.0.3
Check: Rd cross-references
Result: NOTE Undeclared package ‘future’ in Rd xrefs Flavor: r-devel-linux-x86_64-fedora-clang