CRAN Package Check Results for Package prisonbrief

Last updated on 2020-08-13 15:51:15 CEST.

Flavor Version Tinstall Tcheck Ttotal Status Flags
r-devel-linux-x86_64-debian-clang 0.1.0 0.44 2.39 2.83 ERROR
r-devel-linux-x86_64-debian-gcc 0.1.0 5.70 46.03 51.73 OK
r-devel-linux-x86_64-fedora-clang 0.1.0 88.21 NOTE
r-devel-linux-x86_64-fedora-gcc 0.1.0 78.63 NOTE
r-devel-windows-ix86+x86_64 0.1.0 36.00 91.00 127.00 OK
r-patched-linux-x86_64 0.1.0 7.01 58.34 65.35 OK
r-patched-solaris-x86 0.1.0 125.60 NOTE
r-release-linux-x86_64 0.1.0 7.07 58.32 65.39 OK
r-release-macos-x86_64 0.1.0 NOTE
r-release-windows-ix86+x86_64 0.1.0 24.00 103.00 127.00 OK
r-oldrel-macos-x86_64 0.1.0 NOTE
r-oldrel-windows-ix86+x86_64 0.1.0 15.00 68.00 83.00 OK

Check Details

Version: 0.1.0
Check: package dependencies
Result: ERROR
    Package required but not available: 'tidyr'
    
    See section 'The DESCRIPTION file' in the 'Writing R Extensions'
    manual.
Flavor: r-devel-linux-x86_64-debian-clang

Version: 0.1.0
Check: data for non-ASCII characters
Result: NOTE
     Note: found 2 marked UTF-8 strings
Flavors: r-devel-linux-x86_64-fedora-clang, r-devel-linux-x86_64-fedora-gcc, r-patched-solaris-x86, r-release-macos-x86_64, r-oldrel-macos-x86_64