CRAN Package Check Results for Package prioriactions

Last updated on 2022-09-25 03:54:38 CEST.

Flavor Version Tinstall Tcheck Ttotal Status Flags
r-devel-linux-x86_64-debian-clang 0.4.1 264.81 106.98 371.79 NOTE
r-devel-linux-x86_64-debian-gcc 0.4.1 234.89 81.61 316.50 NOTE
r-devel-linux-x86_64-fedora-clang 0.4.1 529.06 NOTE
r-devel-linux-x86_64-fedora-gcc 0.4.1 501.37 NOTE
r-devel-windows-x86_64 0.4.1 379.00 162.00 541.00 NOTE
r-patched-linux-x86_64 0.4.1 197.84 101.50 299.34 NOTE
r-release-linux-x86_64 0.4.1 218.84 100.81 319.65 NOTE
r-release-macos-arm64 0.4.1 103.00 NOTE
r-release-macos-x86_64 0.4.1 153.00 NOTE
r-release-windows-x86_64 0.4.1 328.00 161.00 489.00 NOTE
r-oldrel-macos-arm64 0.4.1 96.00 NOTE
r-oldrel-macos-x86_64 0.4.1 154.00 NOTE
r-oldrel-windows-ix86+x86_64 0.4.1 719.00 180.00 899.00 NOTE

Check Details

Version: 0.4.1
Check: package dependencies
Result: NOTE
    Package suggested but not available for checking: 'gurobi'
Flavors: r-devel-linux-x86_64-debian-clang, r-devel-linux-x86_64-debian-gcc, r-patched-linux-x86_64, r-release-linux-x86_64

Version: 0.4.1
Check: package dependencies
Result: NOTE
    Packages suggested but not available for checking: 'gurobi', 'Rcplex'
Flavors: r-devel-linux-x86_64-fedora-clang, r-devel-linux-x86_64-fedora-gcc, r-devel-windows-x86_64, r-release-macos-arm64, r-release-macos-x86_64, r-release-windows-x86_64, r-oldrel-macos-arm64, r-oldrel-macos-x86_64, r-oldrel-windows-ix86+x86_64

Version: 0.4.1
Check: installed package size
Result: NOTE
     installed size is 5.7Mb
     sub-directories of 1Mb or more:
     doc 3.3Mb
     libs 1.4Mb
Flavors: r-devel-windows-x86_64, r-release-macos-arm64, r-release-macos-x86_64, r-release-windows-x86_64, r-oldrel-macos-arm64, r-oldrel-macos-x86_64, r-oldrel-windows-ix86+x86_64