CRAN Package Check Results for Package primerTree

Last updated on 2020-11-25 15:52:04 CET.

Flavor Version Tinstall Tcheck Ttotal Status Flags
r-devel-linux-x86_64-debian-clang 1.0.5 8.46 79.43 87.89 OK
r-devel-linux-x86_64-debian-gcc 1.0.5 8.77 60.73 69.50 OK
r-devel-linux-x86_64-fedora-clang 1.0.5 112.99 NOTE
r-devel-linux-x86_64-fedora-gcc 1.0.5 103.22 NOTE
r-devel-windows-ix86+x86_64 1.0.5 22.00 143.00 165.00 OK
r-patched-linux-x86_64 1.0.5 10.44 77.50 87.94 OK
r-patched-solaris-x86 1.0.5 145.20 NOTE
r-release-linux-x86_64 1.0.5 9.70 75.27 84.97 OK
r-release-macos-x86_64 1.0.5 NOTE
r-release-windows-ix86+x86_64 1.0.5 23.00 126.00 149.00 OK
r-oldrel-macos-x86_64 1.0.5 NOTE
r-oldrel-windows-ix86+x86_64 1.0.5 14.00 130.00 144.00 OK

Check Details

Version: 1.0.5
Check: dependencies in R code
Result: NOTE
    Namespace in Imports field not imported from: ‘RCurl’
     All declared Imports should be used.
Flavors: r-devel-linux-x86_64-fedora-clang, r-devel-linux-x86_64-fedora-gcc, r-patched-solaris-x86, r-release-macos-x86_64, r-oldrel-macos-x86_64