CRAN Package Check Results for Package prettymapr

Last updated on 2024-06-14 03:57:31 CEST.

Flavor Version Tinstall Tcheck Ttotal Status Flags
r-devel-linux-x86_64-debian-clang 0.2.5 3.07 26.72 29.79 OK
r-devel-linux-x86_64-debian-gcc 0.2.5 2.43 20.49 22.92 NOTE
r-devel-linux-x86_64-fedora-clang 0.2.5 37.37 OK
r-devel-linux-x86_64-fedora-gcc 0.2.5 34.55 OK
r-devel-windows-x86_64 0.2.5 4.00 42.00 46.00 OK
r-patched-linux-x86_64 0.2.5 3.41 25.98 29.39 OK
r-release-linux-x86_64 0.2.5 2.55 25.54 28.09 OK
r-release-macos-arm64 0.2.5 16.00 OK
r-release-macos-x86_64 0.2.5 23.00 OK
r-release-windows-x86_64 0.2.5 4.00 44.00 48.00 OK
r-oldrel-macos-arm64 0.2.5 23.00 OK
r-oldrel-macos-x86_64 0.2.5 30.00 OK
r-oldrel-windows-x86_64 0.2.5 4.00 45.00 49.00 OK

Check Details

Version: 0.2.5
Check: package dependencies
Result: NOTE Package suggested but not available for checking: ‘rosm’ Flavor: r-devel-linux-x86_64-debian-gcc