CRAN Package Check Results for Package prettyglm

Last updated on 2022-08-17 15:50:01 CEST.

Flavor Version Tinstall Tcheck Ttotal Status Flags
r-devel-linux-x86_64-debian-clang 0.1.0 9.01 89.49 98.50 OK
r-devel-linux-x86_64-debian-gcc 0.1.0 OK
r-devel-linux-x86_64-fedora-clang 0.1.0 123.09 NOTE
r-devel-linux-x86_64-fedora-gcc 0.1.0 119.73 OK
r-devel-windows-x86_64 0.1.0 23.00 122.00 145.00 OK
r-patched-linux-x86_64 0.1.0 9.43 80.94 90.37 OK
r-release-linux-x86_64 0.1.0 7.68 82.67 90.35 OK
r-release-macos-arm64 0.1.0 36.00 OK
r-release-macos-x86_64 0.1.0 65.00 OK
r-release-windows-x86_64 0.1.0 28.00 122.00 150.00 OK
r-oldrel-macos-arm64 0.1.0 110.00 OK
r-oldrel-macos-x86_64 0.1.0 57.00 OK
r-oldrel-windows-ix86+x86_64 0.1.0 22.00 114.00 136.00 OK

Check Details

Version: 0.1.0
Check: Rd cross-references
Result: NOTE
    Undeclared package ‘parsnip’ in Rd xrefs
Flavor: r-devel-linux-x86_64-fedora-clang