CRAN Package Check Results for Package prettyB

Last updated on 2024-07-23 15:48:18 CEST.

Flavor Version Tinstall Tcheck Ttotal Status Flags
r-devel-linux-x86_64-debian-clang 0.2.2 3.18 44.69 47.87 NOTE
r-devel-linux-x86_64-debian-gcc 0.2.2 1.98 34.09 36.07 NOTE
r-devel-linux-x86_64-fedora-clang 0.2.2 62.98 NOTE
r-devel-linux-x86_64-fedora-gcc 0.2.2 75.79 NOTE
r-devel-windows-x86_64 0.2.2 4.00 51.00 55.00 NOTE
r-patched-linux-x86_64 0.2.2 2.79 43.50 46.29 NOTE
r-release-linux-x86_64 0.2.2 3.10 43.40 46.50 NOTE
r-release-macos-arm64 0.2.2 24.00 NOTE
r-release-macos-x86_64 0.2.2 36.00 NOTE
r-release-windows-x86_64 0.2.2 4.00 53.00 57.00 NOTE
r-oldrel-macos-arm64 0.2.2 24.00 NOTE
r-oldrel-macos-x86_64 0.2.2 36.00 NOTE
r-oldrel-windows-x86_64 0.2.2 4.00 53.00 57.00 NOTE

Check Details

Version: 0.2.2
Check: LazyData
Result: NOTE 'LazyData' is specified without a 'data' directory Flavors: r-devel-linux-x86_64-debian-clang, r-devel-linux-x86_64-debian-gcc, r-devel-linux-x86_64-fedora-clang, r-devel-linux-x86_64-fedora-gcc, r-devel-windows-x86_64, r-patched-linux-x86_64, r-release-linux-x86_64, r-release-macos-arm64, r-release-macos-x86_64, r-release-windows-x86_64, r-oldrel-macos-arm64, r-oldrel-macos-x86_64, r-oldrel-windows-x86_64