Last updated on 2022-06-25 15:51:29 CEST.
Flavor | Version | Tinstall | Tcheck | Ttotal | Status | Flags |
---|---|---|---|---|---|---|
r-devel-linux-x86_64-debian-clang | 0.1.1 | 3.31 | 52.11 | 55.42 | OK | |
r-devel-linux-x86_64-debian-gcc | 0.1.1 | 3.09 | 39.13 | 42.22 | OK | |
r-devel-linux-x86_64-fedora-clang | 0.1.1 | 81.08 | NOTE | |||
r-devel-linux-x86_64-fedora-gcc | 0.1.1 | 74.10 | NOTE | |||
r-devel-windows-x86_64 | 0.1.1 | 35.00 | 90.00 | 125.00 | OK | |
r-patched-linux-x86_64 | 0.1.1 | 4.14 | 49.89 | 54.03 | OK | |
r-release-linux-x86_64 | 0.1.1 | 3.91 | 50.54 | 54.45 | OK | |
r-release-macos-arm64 | 0.1.1 | 27.00 | NOTE | |||
r-release-macos-x86_64 | 0.1.1 | 43.00 | NOTE | |||
r-release-windows-x86_64 | 0.1.1 | 44.00 | 87.00 | 131.00 | OK | |
r-oldrel-macos-arm64 | 0.1.1 | 34.00 | NOTE | |||
r-oldrel-macos-x86_64 | 0.1.1 | 40.00 | NOTE | |||
r-oldrel-windows-ix86+x86_64 | 0.1.1 | 11.00 | 92.00 | 103.00 | OK |
Version: 0.1.1
Check: dependencies in R code
Result: NOTE
Namespace in Imports field not imported from: ‘badger’
All declared Imports should be used.
Flavors: r-devel-linux-x86_64-fedora-clang, r-devel-linux-x86_64-fedora-gcc, r-release-macos-arm64, r-release-macos-x86_64, r-oldrel-macos-arm64, r-oldrel-macos-x86_64