CRAN Package Check Results for Package preregr

Last updated on 2022-06-25 03:51:05 CEST.

Flavor Version Tinstall Tcheck Ttotal Status Flags
r-devel-linux-x86_64-debian-clang 0.2.1 3.49 78.41 81.90 OK
r-devel-linux-x86_64-debian-gcc 0.2.1 3.89 59.03 62.92 OK
r-devel-linux-x86_64-fedora-clang 0.2.1 106.42 NOTE
r-devel-linux-x86_64-fedora-gcc 0.2.1 103.68 NOTE
r-devel-windows-x86_64 0.2.1 91.00 162.00 253.00 OK
r-patched-linux-x86_64 0.2.1 5.91 73.86 79.77 OK
r-release-linux-x86_64 0.2.1 3.23 75.47 78.70 OK
r-release-macos-arm64 0.2.1 51.00 NOTE
r-release-macos-x86_64 0.2.1 68.00 NOTE
r-release-windows-x86_64 0.2.1 88.00 159.00 247.00 OK
r-oldrel-macos-arm64 0.2.1 52.00 NOTE
r-oldrel-macos-x86_64 0.2.1 68.00 NOTE
r-oldrel-windows-ix86+x86_64 0.2.1 11.00 130.00 141.00 OK

Check Details

Version: 0.2.1
Check: data for non-ASCII characters
Result: NOTE
     Note: found 64 marked UTF-8 strings
Flavors: r-devel-linux-x86_64-fedora-clang, r-devel-linux-x86_64-fedora-gcc, r-release-macos-arm64, r-release-macos-x86_64, r-oldrel-macos-arm64, r-oldrel-macos-x86_64