CRAN Package Check Results for Package predtoolsTS

Last updated on 2024-07-20 15:48:52 CEST.

Flavor Version Tinstall Tcheck Ttotal Status Flags
r-devel-linux-x86_64-debian-clang 0.1.1 3.64 51.53 55.17 NOTE
r-devel-linux-x86_64-debian-gcc 0.1.1 2.79 37.76 40.55 NOTE
r-devel-linux-x86_64-fedora-clang 0.1.1 68.95 NOTE
r-devel-linux-x86_64-fedora-gcc 0.1.1 65.37 NOTE
r-devel-windows-x86_64 0.1.1 5.00 66.00 71.00 NOTE
r-patched-linux-x86_64 0.1.1 2.41 49.54 51.95 NOTE
r-release-linux-x86_64 0.1.1 2.27 48.85 51.12 NOTE
r-release-macos-arm64 0.1.1 24.00 NOTE
r-release-macos-x86_64 0.1.1 34.00 NOTE
r-release-windows-x86_64 0.1.1 5.00 68.00 73.00 NOTE
r-oldrel-macos-arm64 0.1.1 27.00 NOTE
r-oldrel-macos-x86_64 0.1.1 35.00 NOTE
r-oldrel-windows-x86_64 0.1.1 6.00 75.00 81.00 NOTE

Check Details

Version: 0.1.1
Check: LazyData
Result: NOTE 'LazyData' is specified without a 'data' directory Flavors: r-devel-linux-x86_64-debian-clang, r-devel-linux-x86_64-debian-gcc, r-devel-linux-x86_64-fedora-clang, r-devel-linux-x86_64-fedora-gcc, r-devel-windows-x86_64, r-patched-linux-x86_64, r-release-linux-x86_64, r-release-macos-arm64, r-release-macos-x86_64, r-release-windows-x86_64, r-oldrel-macos-arm64, r-oldrel-macos-x86_64, r-oldrel-windows-x86_64