CRAN Package Check Results for Package predkmeans

Last updated on 2025-01-18 04:48:33 CET.

Flavor Version Tinstall Tcheck Ttotal Status Flags
r-devel-linux-x86_64-debian-clang 0.1.1 22.20 34.82 57.02 NOTE
r-devel-linux-x86_64-debian-gcc 0.1.1 15.20 25.89 41.09 NOTE
r-devel-linux-x86_64-fedora-clang 0.1.1 101.43 OK
r-devel-linux-x86_64-fedora-gcc 0.1.1 99.44 OK
r-devel-windows-x86_64 0.1.1 28.00 87.00 115.00 NOTE
r-patched-linux-x86_64 0.1.1 21.41 33.47 54.88 NOTE
r-release-linux-x86_64 0.1.1 21.39 32.92 54.31 NOTE
r-release-macos-arm64 0.1.1 29.00 NOTE
r-release-macos-x86_64 0.1.1 39.00 NOTE
r-release-windows-x86_64 0.1.1 25.00 71.00 96.00 NOTE
r-oldrel-macos-arm64 0.1.1 35.00 NOTE
r-oldrel-macos-x86_64 0.1.1 50.00 NOTE
r-oldrel-windows-x86_64 0.1.1 27.00 84.00 111.00 NOTE

Check Details

Version: 0.1.1
Check: Rd cross-references
Result: NOTE Found the following Rd file(s) with Rd \link{} targets missing package anchors: createTPRSmodelmatrix.Rd: gam mlogit.Rd: maxNR Please provide package anchors for all Rd \link{} targets not in the package itself and the base packages. Flavors: r-devel-linux-x86_64-debian-clang, r-devel-linux-x86_64-debian-gcc, r-devel-windows-x86_64

Version: 0.1.1
Check: LazyData
Result: NOTE 'LazyData' is specified without a 'data' directory Flavors: r-patched-linux-x86_64, r-release-linux-x86_64, r-release-macos-arm64, r-release-macos-x86_64, r-release-windows-x86_64, r-oldrel-macos-arm64, r-oldrel-macos-x86_64, r-oldrel-windows-x86_64