CRAN Package Check Results for Package predictmeans

Last updated on 2020-09-22 03:49:34 CEST.

Flavor Version Tinstall Tcheck Ttotal Status Flags
r-devel-linux-x86_64-debian-clang 1.0.4 17.32 122.23 139.55 OK
r-devel-linux-x86_64-debian-gcc 1.0.4 0.25 4.27 4.52 ERROR
r-devel-linux-x86_64-fedora-clang 1.0.4 182.51 OK
r-devel-linux-x86_64-fedora-gcc 1.0.4 170.89 OK
r-devel-windows-ix86+x86_64 1.0.4 34.00 122.00 156.00 OK
r-patched-linux-x86_64 1.0.4 16.44 116.18 132.62 OK
r-patched-solaris-x86 1.0.4 221.40 OK
r-release-linux-x86_64 1.0.4 15.27 117.46 132.73 OK
r-release-macos-x86_64 1.0.4 OK
r-release-windows-ix86+x86_64 1.0.4 35.00 120.00 155.00 OK
r-oldrel-macos-x86_64 1.0.4 OK
r-oldrel-windows-ix86+x86_64 1.0.4 21.00 148.00 169.00 OK

Check Details

Version: 1.0.4
Check: whether package can be installed
Result: ERROR
    Installation failed.
Flavor: r-devel-linux-x86_64-debian-gcc