CRAN Package Check Results for Package prediction

Last updated on 2020-08-09 15:47:53 CEST.

Flavor Version Tinstall Tcheck Ttotal Status Flags
r-devel-linux-x86_64-debian-clang 0.3.14 6.18 47.58 53.76 NOTE
r-devel-linux-x86_64-debian-gcc 0.3.14 3.95 36.04 39.99 NOTE
r-devel-linux-x86_64-fedora-clang 0.3.14 71.29 NOTE
r-devel-linux-x86_64-fedora-gcc 0.3.14 85.12 NOTE
r-devel-windows-ix86+x86_64 0.3.14 14.00 74.00 88.00 OK
r-patched-linux-x86_64 0.3.14 6.05 46.22 52.27 NOTE
r-patched-solaris-x86 0.3.14 83.80 NOTE
r-release-linux-x86_64 0.3.14 6.13 45.91 52.04 NOTE
r-release-macos-x86_64 0.3.14 OK
r-release-windows-ix86+x86_64 0.3.14 10.00 49.00 59.00 OK
r-oldrel-macos-x86_64 0.3.14 OK
r-oldrel-windows-ix86+x86_64 0.3.14 7.00 51.00 58.00 OK

Check Details

Version: 0.3.14
Check: package dependencies
Result: NOTE
    Package which this enhances but not available for checking: 'ffbase'
Flavors: r-devel-linux-x86_64-debian-clang, r-devel-linux-x86_64-debian-gcc, r-devel-linux-x86_64-fedora-clang, r-devel-linux-x86_64-fedora-gcc, r-patched-linux-x86_64, r-patched-solaris-x86, r-release-linux-x86_64