CRAN Package Check Results for Package prclust

Last updated on 2022-07-04 15:54:49 CEST.

Flavor Version Tinstall Tcheck Ttotal Status Flags
r-devel-linux-x86_64-debian-clang 1.3 20.53 30.75 51.28 OK
r-devel-linux-x86_64-debian-gcc 1.3 17.63 24.08 41.71 OK
r-devel-linux-x86_64-fedora-clang 1.3 84.43 NOTE
r-devel-linux-x86_64-fedora-gcc 1.3 75.97 NOTE
r-devel-windows-x86_64 1.3 27.00 71.00 98.00 OK
r-patched-linux-x86_64 1.3 18.56 29.72 48.28 OK
r-release-linux-x86_64 1.3 19.42 29.78 49.20 OK
r-release-macos-arm64 1.3 23.00 OK
r-release-macos-x86_64 1.3 30.00 OK
r-release-windows-x86_64 1.3 22.00 75.00 97.00 OK
r-oldrel-macos-arm64 1.3 29.00 OK
r-oldrel-macos-x86_64 1.3 41.00 OK
r-oldrel-windows-ix86+x86_64 1.3 57.00 73.00 130.00 OK

Check Details

Version: 1.3
Check: compiled code
Result: NOTE
    File ‘prclust/libs/prclust.so’:
     Found no calls to: ‘R_registerRoutines’, ‘R_useDynamicSymbols’
    
    It is good practice to register native routines and to disable symbol
    search.
    
    See ‘Writing portable packages’ in the ‘Writing R Extensions’ manual.
Flavors: r-devel-linux-x86_64-fedora-clang, r-devel-linux-x86_64-fedora-gcc