CRAN Package Check Results for Package prcbench

Last updated on 2022-08-15 03:52:55 CEST.

Flavor Version Tinstall Tcheck Ttotal Status Flags
r-devel-linux-x86_64-debian-clang 1.0.2 12.51 144.59 157.10 NOTE
r-devel-linux-x86_64-debian-gcc 1.0.2 8.85 107.12 115.97 NOTE
r-devel-linux-x86_64-fedora-clang 1.0.2 192.70 NOTE
r-devel-linux-x86_64-fedora-gcc 1.0.2 216.98 NOTE
r-devel-windows-x86_64 1.0.2 29.00 178.00 207.00 OK
r-patched-linux-x86_64 1.0.2 14.14 136.42 150.56 NOTE
r-release-linux-x86_64 1.0.2 11.21 133.70 144.91 NOTE
r-release-macos-arm64 1.0.2 64.00 NOTE
r-release-macos-x86_64 1.0.2 185.00 OK
r-release-windows-x86_64 1.0.2 34.00 175.00 209.00 OK
r-oldrel-macos-arm64 1.0.2 61.00 OK
r-oldrel-macos-x86_64 1.0.2 126.00 OK
r-oldrel-windows-ix86+x86_64 1.0.2 26.00 241.00 267.00 OK

Check Details

Version: 1.0.2
Check: package dependencies
Result: NOTE
    Package suggested but not available for checking: 'PerfMeas'
Flavors: r-devel-linux-x86_64-debian-clang, r-devel-linux-x86_64-debian-gcc, r-devel-linux-x86_64-fedora-clang, r-devel-linux-x86_64-fedora-gcc, r-patched-linux-x86_64, r-release-linux-x86_64, r-release-macos-arm64

Version: 1.0.2
Check: HTML version of manual
Result: NOTE
    Found the following HTML validation problems:
    TestDataC.html:99:6: Warning: missing </span> before <p>
    TestDataC.html:99:94: Warning: inserting implicit <span>
    TestDataC.html:102:6: Warning: missing </span> before <p>
    TestDataC.html:102:92: Warning: inserting implicit <span>
    TestDataC.html:105:6: Warning: missing </span> before <p>
    TestDataC.html:105:92: Warning: inserting implicit <span>
    TestDataC.html:108:6: Warning: missing </span> before <p>
    TestDataC.html:108:95: Warning: inserting implicit <span>
    TestDataC.html:111:6: Warning: missing </span> before <p>
    TestDataC.html:111:96: Warning: inserting implicit <span>
    TestDataC.html:114:6: Warning: missing </span> before <p>
    TestDataC.html:114:96: Warning: inserting implicit <span>
    TestDataC.html:117:6: Warning: missing </span> before <p>
    TestDataC.html:117:96: Warning: inserting implicit <span>
    TestDataC.html:120:6: Warning: missing </span> before <p>
    TestDataC.html:120:96: Warning: inserting implicit <span>
    TestDataC.html:123:6: Warning: missing </span> before <p>
    TestDataC.html:123:91: Warning: inserting implicit <span>
    TestDataC.html:99:6: Warning: trimming empty <span>
    TestDataC.html:102:6: Warning: trimming empty <span>
    TestDataC.html:105:6: Warning: trimming empty <span>
    TestDataC.html:108:6: Warning: trimming empty <span>
    TestDataC.html:111:6: Warning: trimming empty <span>
    TestDataC.html:114:6: Warning: trimming empty <span>
    TestDataC.html:117:6: Warning: trimming empty <span>
    TestDataC.html:120:6: Warning: trimming empty <span>
    TestDataC.html:123:6: Warning: trimming empty <span>
    ToolAUCCalculator.html:77:6: Warning: missing </span> before <p>
    ToolAUCCalculator.html:77:91: Warning: inserting implicit <span>
    ToolAUCCalculator.html:80:6: Warning: missing </span> before <p>
    ToolAUCCalculator.html:80:94: Warning: inserting implicit <span>
    ToolAUCCalculator.html:83:6: Warning: missing </span> before <p>
    ToolAUCCalculator.html:83:97: Warning: inserting implicit <span>
    ToolAUCCalculator.html:86:6: Warning: missing </span> before <p>
    ToolAUCCalculator.html:86:98: Warning: inserting implicit <span>
    ToolAUCCalculator.html:89:6: Warning: missing </span> before <p>
    ToolAUCCalculator.html:89:99: Warning: inserting implicit <span>
    ToolAUCCalculator.html:92:6: Warning: missing </span> before <p>
    ToolAUCCalculator.html:92:92: Warning: inserting implicit <span>
    ToolAUCCalculator.html:95:6: Warning: missing </span> before <p>
    ToolAUCCalculator.html:95:92: Warning: inserting implicit <span>
    ToolAUCCalculator.html:98:6: Warning: missing </span> before <p>
    ToolAUCCalculator.html:98:92: Warning: inserting implicit <span>
    ToolAUCCalculator.html:101:6: Warning: missing </span> before <p>
    ToolAUCCalculator.html:101:98: Warning: inserting implicit <span>
    ToolAUCCalculator.html:104:6: Warning: missing </span> before <p>
    ToolAUCCalculator.html:104:99: Warning: inserting implicit <span>
    ToolAUCCalculator.html:77:6: Warning: trimming empty <span>
    ToolAUCCalculator.html:80:6: Warning: trimming empty <span>
    ToolAUCCalculator.html:83:6: Warning: trimming empty <span>
    ToolAUCCalculator.html:86:6: Warning: trimming empty <span>
    ToolAUCCalculator.html:89:6: Warning: trimming empty <span>
    ToolAUCCalculator.html:92:6: Warning: trimming empty <span>
    ToolAUCCalculator.html:95:6: Warning: trimming empty <span>
    ToolAUCCalculator.html:98:6: Warning: trimming empty <span>
    ToolAUCCalculator.html:101:6: Warning: trimming empty <span>
    ToolAUCCalculator.html:104:6: Warning: trimming empty <span>
    ToolPRROC.html:77:6: Warning: missing </span> before <p>
    ToolPRROC.html:77:91: Warning: inserting implicit <span>
    ToolPRROC.html:80:6: Warning: missing </span> before <p>
    ToolPRROC.html:80:94: Warning: inserting implicit <span>
    ToolPRROC.html:83:6: Warning: missing </span> before <p>
    ToolPRROC.html:83:97: Warning: inserting implicit <span>
    ToolPRROC.html:86:6: Warning: missing </span> before <p>
    ToolPRROC.html:86:98: Warning: inserting implicit <span>
    ToolPRROC.html:89:6: Warning: missing </span> before <p>
    ToolPRROC.html:89:99: Warning: inserting implicit <span>
    ToolPRROC.html:92:6: Warning: missing </span> before <p>
    ToolPRROC.html:92:92: Warning: inserting implicit <span>
    ToolPRROC.html:95:6: Warning: missing </span> before <p>
    ToolPRROC.html:95:92: Warning: inserting implicit <span>
    ToolPRROC.html:98:6: Warning: missing </span> before <p>
    ToolPRROC.html:98:92: Warning: inserting implicit <span>
    ToolPRROC.html:101:6: Warning: missing </span> before <p>
    ToolPRROC.html:101:98: Warning: inserting implicit <span>
    ToolPRROC.html:104:6: Warning: missing </span> before <p>
    ToolPRROC.html:104:99: Warning: inserting implicit <span>
    ToolPRROC.html:77:6: Warning: trimming empty <span>
    ToolPRROC.html:80:6: Warning: trimming empty <span>
    ToolPRROC.html:83:6: Warning: trimming empty <span>
    ToolPRROC.html:86:6: Warning: trimming empty <span>
    ToolPRROC.html:89:6: Warning: trimming empty <span>
    ToolPRROC.html:92:6: Warning: trimming empty <span>
    ToolPRROC.html:95:6: Warning: trimming empty <span>
    ToolPRROC.html:98:6: Warning: trimming empty <span>
    ToolPRROC.html:101:6: Warning: trimming empty <span>
    ToolPRROC.html:104:6: Warning: trimming empty <span>
    ToolPerfMeas.html:64:6: Warning: missing </span> before <p>
    ToolPerfMeas.html:64:91: Warning: inserting implicit <span>
    ToolPerfMeas.html:67:6: Warning: missing </span> before <p>
    ToolPerfMeas.html:67:94: Warning: inserting implicit <span>
    ToolPerfMeas.html:70:6: Warning: missing </span> before <p>
    ToolPerfMeas.html:70:97: Warning: inserting implicit <span>
    ToolPerfMeas.html:73:6: Warning: missing </span> before <p>
    ToolPerfMeas.html:73:98: Warning: inserting implicit <span>
    ToolPerfMeas.html:76:6: Warning: missing </span> before <p>
    ToolPerfMeas.html:76:99: Warning: inserting implicit <span>
    ToolPerfMeas.html:79:6: Warning: missing </span> before <p>
    ToolPerfMeas.html:79:92: Warning: inserting implicit <span>
    ToolPerfMeas.html:82:6: Warning: missing </span> before <p>
    ToolPerfMeas.html:82:92: Warning: inserting implicit <span>
    ToolPerfMeas.html:85:6: Warning: missing </span> before <p>
    ToolPerfMeas.html:85:97: Warning: inserting implicit <span>
    ToolPerfMeas.html:88:6: Warning: missing </span> before <p>
    ToolPerfMeas.html:88:92: Warning: inserting implicit <span>
    ToolPerfMeas.html:91:6: Warning: missing </span> before <p>
    ToolPerfMeas.html:91:98: Warning: inserting implicit <span>
    ToolPerfMeas.html:94:6: Warning: missing </span> before <p>
    ToolPerfMeas.html:94:99: Warning: inserting implicit <span>
    ToolPerfMeas.html:64:6: Warning: trimming empty <span>
    ToolPerfMeas.html:67:6: Warning: trimming empty <span>
    ToolPerfMeas.html:70:6: Warning: trimming empty <span>
    ToolPerfMeas.html:73:6: Warning: trimming empty <span>
    ToolPerfMeas.html:76:6: Warning: trimming empty <span>
    ToolPerfMeas.html:79:6: Warning: trimming empty <span>
    ToolPerfMeas.html:82:6: Warning: trimming empty <span>
    ToolPerfMeas.html:85:6: Warning: trimming empty <span>
    ToolPerfMeas.html:88:6: Warning: trimming empty <span>
    ToolPerfMeas.html:91:6: Warning: trimming empty <span>
    ToolPerfMeas.html:94:6: Warning: trimming empty <span>
    ToolROCR.html:65:6: Warning: missing </span> before <p>
    ToolROCR.html:65:91: Warning: inserting implicit <span>
    ToolROCR.html:68:6: Warning: missing </span> before <p>
    ToolROCR.html:68:94: Warning: inserting implicit <span>
    ToolROCR.html:71:6: Warning: missing </span> before <p>
    ToolROCR.html:71:97: Warning: inserting implicit <span>
    ToolROCR.html:74:6: Warning: missing </span> before <p>
    ToolROCR.html:74:98: Warning: inserting implicit <span>
    ToolROCR.html:77:6: Warning: missing </span> before <p>
    ToolROCR.html:77:99: Warning: inserting implicit <span>
    ToolROCR.html:80:6: Warning: missing </span> before <p>
    ToolROCR.html:80:92: Warning: inserting implicit <span>
    ToolROCR.html:83:6: Warning: missing </span> before <p>
    ToolROCR.html:83:92: Warning: inserting implicit <span>
    ToolROCR.html:86:6: Warning: missing </span> before <p>
    ToolROCR.html:86:97: Warning: inserting implicit <span>
    ToolROCR.html:89:6: Warning: missing </span> before <p>
    ToolROCR.html:89:92: Warning: inserting implicit <span>
    ToolROCR.html:92:6: Warning: missing </span> before <p>
    ToolROCR.html:92:98: Warning: inserting implicit <span>
    ToolROCR.html:95:6: Warning: missing </span> before <p>
    ToolROCR.html:95:99: Warning: inserting implicit <span>
    ToolROCR.html:65:6: Warning: trimming empty <span>
    ToolROCR.html:68:6: Warning: trimming empty <span>
    ToolROCR.html:71:6: Warning: trimming empty <span>
    ToolROCR.html:74:6: Warning: trimming empty <span>
    ToolROCR.html:77:6: Warning: trimming empty <span>
    ToolROCR.html:80:6: Warning: trimming empty <span>
    ToolROCR.html:83:6: Warning: trimming empty <span>
    ToolROCR.html:86:6: Warning: trimming empty <span>
    ToolROCR.html:89:6: Warning: trimming empty <span>
    ToolROCR.html:92:6: Warning: trimming empty <span>
    ToolROCR.html:95:6: Warning: trimming empty <span>
    Toolprecrec.html:71:6: Warning: missing </span> before <p>
    Toolprecrec.html:71:91: Warning: inserting implicit <span>
    Toolprecrec.html:74:6: Warning: missing </span> before <p>
    Toolprecrec.html:74:94: Warning: inserting implicit <span>
    Toolprecrec.html:77:6: Warning: missing </span> before <p>
    Toolprecrec.html:77:97: Warning: inserting implicit <span>
    Toolprecrec.html:80:6: Warning: missing </span> before <p>
    Toolprecrec.html:80:98: Warning: inserting implicit <span>
    Toolprecrec.html:83:6: Warning: missing </span> before <p>
    Toolprecrec.html:83:99: Warning: inserting implicit <span>
    Toolprecrec.html:86:6: Warning: missing </span> before <p>
    Toolprecrec.html:86:92: Warning: inserting implicit <span>
    Toolprecrec.html:89:6: Warning: missing </span> before <p>
    Toolprecrec.html:89:92: Warning: inserting implicit <span>
    Toolprecrec.html:92:6: Warning: missing </span> before <p>
    Toolprecrec.html:92:92: Warning: inserting implicit <span>
    Toolprecrec.html:95:6: Warning: missing </span> before <p>
    Toolprecrec.html:95:98: Warning: inserting implicit <span>
    Toolprecrec.html:98:6: Warning: missing </span> before <p>
    Toolprecrec.html:98:99: Warning: inserting implicit <span>
    Toolprecrec.html:71:6: Warning: trimming empty <span>
    Toolprecrec.html:74:6: Warning: trimming empty <span>
    Toolprecrec.html:77:6: Warning: trimming empty <span>
    Toolprecrec.html:80:6: Warning: trimming empty <span>
    Toolprecrec.html:83:6: Warning: trimming empty <span>
    Toolprecrec.html:86:6: Warning: trimming empty <span>
    Toolprecrec.html:89:6: Warning: trimming empty <span>
    Toolprecrec.html:92:6: Warning: trimming empty <span>
    Toolprecrec.html:95:6: Warning: trimming empty <span>
    Toolprecrec.html:98:6: Warning: trimming empty <span>
Flavors: r-devel-linux-x86_64-debian-clang, r-devel-linux-x86_64-debian-gcc, r-devel-linux-x86_64-fedora-gcc