Last updated on 2023-04-02 03:51:39 CEST.
Flavor | Version | Tinstall | Tcheck | Ttotal | Status | Flags |
---|---|---|---|---|---|---|
r-devel-linux-x86_64-debian-clang | 0.2.0 | 8.68 | 605.86 | 614.54 | OK | |
r-devel-linux-x86_64-debian-gcc | 0.2.0 | 6.77 | 444.30 | 451.07 | OK | |
r-devel-linux-x86_64-fedora-clang | 0.2.0 | 493.05 | NOTE | |||
r-devel-linux-x86_64-fedora-gcc | 0.2.0 | 777.29 | OK | |||
r-devel-windows-x86_64 | 0.2.0 | 19.00 | 697.00 | 716.00 | NOTE | |
r-patched-linux-x86_64 | 0.2.0 | 7.92 | 579.39 | 587.31 | OK | |
r-release-linux-x86_64 | 0.2.0 | 7.56 | 573.89 | 581.45 | OK | |
r-release-macos-arm64 | 0.2.0 | 177.00 | NOTE | |||
r-release-macos-x86_64 | 0.2.0 | 240.00 | NOTE | |||
r-release-windows-x86_64 | 0.2.0 | 25.00 | 710.00 | 735.00 | NOTE | |
r-oldrel-macos-arm64 | 0.2.0 | 169.00 | NOTE | |||
r-oldrel-macos-x86_64 | 0.2.0 | 239.00 | NOTE | |||
r-oldrel-windows-ix86+x86_64 | 0.2.0 | 23.00 | 731.00 | 754.00 | NOTE |
Version: 0.2.0
Check: installed package size
Result: NOTE
installed size is 10.9Mb
sub-directories of 1Mb or more:
doc 10.3Mb
Flavors: r-devel-linux-x86_64-fedora-clang, r-devel-windows-x86_64, r-release-macos-arm64, r-release-macos-x86_64, r-release-windows-x86_64, r-oldrel-macos-arm64, r-oldrel-macos-x86_64, r-oldrel-windows-ix86+x86_64