Last updated on 2022-06-25 15:51:28 CEST.
Flavor | Version | Tinstall | Tcheck | Ttotal | Status | Flags |
---|---|---|---|---|---|---|
r-devel-linux-x86_64-debian-clang | 0.2.2 | 5.35 | 55.99 | 61.34 | OK | |
r-devel-linux-x86_64-debian-gcc | 0.2.2 | 4.58 | 41.03 | 45.61 | OK | |
r-devel-linux-x86_64-fedora-clang | 0.2.2 | 88.17 | WARN | |||
r-devel-linux-x86_64-fedora-gcc | 0.2.2 | 81.04 | WARN | |||
r-devel-windows-x86_64 | 0.2.2 | 18.00 | 78.00 | 96.00 | OK | |
r-patched-linux-x86_64 | 0.2.2 | 4.70 | 52.25 | 56.95 | OK | |
r-release-linux-x86_64 | 0.2.2 | 5.15 | 52.16 | 57.31 | OK | |
r-release-macos-arm64 | 0.2.2 | 24.00 | OK | |||
r-release-macos-x86_64 | 0.2.2 | 36.00 | OK | |||
r-release-windows-x86_64 | 0.2.2 | 24.00 | 79.00 | 103.00 | OK | |
r-oldrel-macos-arm64 | 0.2.2 | 29.00 | OK | |||
r-oldrel-macos-x86_64 | 0.2.2 | 42.00 | OK | |||
r-oldrel-windows-ix86+x86_64 | 0.2.2 | 11.00 | 76.00 | 87.00 | OK |
Version: 0.2.2
Check: package dependencies
Result: WARN
Requires orphaned package: ‘gtools’
Flavors: r-devel-linux-x86_64-fedora-clang, r-devel-linux-x86_64-fedora-gcc