CRAN Package Check Results for Package ppmSuite

Last updated on 2024-07-22 15:57:30 CEST.

Flavor Version Tinstall Tcheck Ttotal Status Flags
r-devel-linux-x86_64-debian-clang 0.3.4 29.30 70.95 100.25 NOTE
r-devel-linux-x86_64-debian-gcc 0.3.4 23.93 53.58 77.51 NOTE
r-devel-linux-x86_64-fedora-clang 0.3.4 120.03 NOTE
r-devel-linux-x86_64-fedora-gcc 0.3.4 132.31 NOTE
r-devel-windows-x86_64 0.3.4 33.00 78.00 111.00 NOTE
r-patched-linux-x86_64 0.3.4 28.20 68.62 96.82 NOTE
r-release-linux-x86_64 0.3.4 28.27 68.82 97.09 NOTE
r-release-macos-arm64 0.3.4 39.00 NOTE
r-release-macos-x86_64 0.3.4 55.00 NOTE
r-release-windows-x86_64 0.3.4 31.00 78.00 109.00 NOTE
r-oldrel-macos-arm64 0.3.4 39.00 OK
r-oldrel-macos-x86_64 0.3.4 81.00 OK
r-oldrel-windows-x86_64 0.3.4 28.00 88.00 116.00 OK

Check Details

Version: 0.3.4
Check: Rd files
Result: NOTE checkRd: (-1) ccp_ppm.Rd:26: Lost braces; missing escapes or markup? 26 | \item{model}{Determines of model fit is such that there are p_{it}s (model=1) or | ^ checkRd: (-1) curve_ppmx.Rd:145: Lost braces; missing escapes or markup? 145 | \item sig2 - a matrix of dimension (T, N) containing MCMC iterates associated with each subjects variance parameter (sigma2*_{c_i}) | ^ checkRd: (-1) gaussian_ppmx.Rd:143: Lost braces; missing escapes or markup? 143 | \item mu - a matrix of dimension (T, N) containing MCMC iterates associated with each subjects mean parameter (mu*_{c_i}). | ^ checkRd: (-1) gaussian_ppmx.Rd:145: Lost braces; missing escapes or markup? 145 | \item sig2 - a matrix of dimension (T, N) containing MCMC iterates associated with each subjects variance parameter (sigma2*_{c_i}) | ^ checkRd: (-1) ordinal_ppmx.Rd:145: Lost braces; missing escapes or markup? 145 | \item mu - a matrix of dimension (T, N) containing MCMC iterates associated with each subjects mean parameter (mu*_{c_i}). | ^ checkRd: (-1) ordinal_ppmx.Rd:147: Lost braces; missing escapes or markup? 147 | \item sig2 - a matrix of dimension (T, N) containing MCMC iterates associated with each sujbects variance parameter (sigma2*_{c_i}) | ^ Flavors: r-devel-linux-x86_64-debian-clang, r-devel-linux-x86_64-debian-gcc, r-devel-linux-x86_64-fedora-clang, r-devel-linux-x86_64-fedora-gcc, r-devel-windows-x86_64, r-patched-linux-x86_64, r-release-linux-x86_64, r-release-macos-arm64, r-release-macos-x86_64, r-release-windows-x86_64