CRAN Package Check Results for Package ppgmmga

Last updated on 2022-06-26 03:50:09 CEST.

Flavor Version Tinstall Tcheck Ttotal Status Flags
r-devel-linux-x86_64-debian-clang 1.2 52.76 180.91 233.67 NOTE
r-devel-linux-x86_64-debian-gcc 1.2 46.98 121.60 168.58 NOTE
r-devel-linux-x86_64-fedora-clang 1.2 304.99 NOTE
r-devel-linux-x86_64-fedora-gcc 1.2 285.57 NOTE
r-devel-windows-x86_64 1.2 55.00 205.00 260.00 NOTE
r-patched-linux-x86_64 1.2 58.98 170.54 229.52 NOTE
r-release-linux-x86_64 1.2 45.90 174.45 220.35 NOTE
r-release-macos-arm64 1.2 77.00 NOTE
r-release-macos-x86_64 1.2 123.00 NOTE
r-release-windows-x86_64 1.2 52.00 213.00 265.00 NOTE
r-oldrel-macos-arm64 1.2 70.00 NOTE
r-oldrel-macos-x86_64 1.2 97.00 NOTE
r-oldrel-windows-ix86+x86_64 1.2 138.00 129.00 267.00 NOTE

Check Details

Version: 1.2
Check: LazyData
Result: NOTE
     'LazyData' is specified without a 'data' directory
Flavors: r-devel-linux-x86_64-debian-clang, r-devel-linux-x86_64-debian-gcc, r-devel-linux-x86_64-fedora-clang, r-devel-linux-x86_64-fedora-gcc, r-devel-windows-x86_64, r-patched-linux-x86_64, r-release-linux-x86_64, r-release-macos-arm64, r-release-macos-x86_64, r-release-windows-x86_64, r-oldrel-macos-arm64, r-oldrel-macos-x86_64, r-oldrel-windows-ix86+x86_64