CRAN Package Check Results for Package portsort

Last updated on 2021-09-19 03:51:22 CEST.

Flavor Version Tinstall Tcheck Ttotal Status Flags
r-devel-linux-x86_64-debian-clang 0.1.0 3.04 113.84 116.88 OK
r-devel-linux-x86_64-debian-gcc 0.1.0 2.23 80.95 83.18 OK
r-devel-linux-x86_64-fedora-clang 0.1.0 145.67 OK
r-devel-linux-x86_64-fedora-gcc 0.1.0 132.59 OK
r-devel-windows-x86_64 0.1.0 4.00 164.00 168.00 OK
r-devel-windows-x86_64-gcc10-UCRT 0.1.0 ERROR
r-patched-linux-x86_64 0.1.0 2.56 45.92 48.48 OK
r-patched-solaris-x86 0.1.0 220.40 OK
r-release-linux-x86_64 0.1.0 2.66 45.54 48.20 OK
r-release-macos-arm64 0.1.0 OK
r-release-macos-x86_64 0.1.0 OK
r-release-windows-ix86+x86_64 0.1.0 7.00 51.00 58.00 OK
r-oldrel-macos-x86_64 0.1.0 OK
r-oldrel-windows-ix86+x86_64 0.1.0 6.00 50.00 56.00 OK

Check Details

Version: 0.1.0
Check: whether package can be installed
Result: WARN
    Found the following significant warnings:
     WARNING: installation-time patches will not be applied, could not get the patches index
Flavor: r-devel-windows-x86_64-gcc10-UCRT

Version: 0.1.0
Check: PDF version of manual
Result: WARN
    LaTeX errors when creating PDF version.
    This typically indicates Rd problems.
Flavor: r-devel-windows-x86_64-gcc10-UCRT

Version: 0.1.0
Check: PDF version of manual without hyperrefs or index
Result: ERROR
    Re-running with no redirection of stdout/stderr.
Flavor: r-devel-windows-x86_64-gcc10-UCRT