Last updated on 2023-02-05 15:55:23 CET.
Flavor | Version | Tinstall | Tcheck | Ttotal | Status | Flags |
---|---|---|---|---|---|---|
r-devel-linux-x86_64-debian-clang | 0.5-2 | 9.23 | 100.73 | 109.96 | NOTE | |
r-devel-linux-x86_64-debian-gcc | 0.5-2 | 6.61 | 78.76 | 85.37 | NOTE | |
r-devel-linux-x86_64-fedora-clang | 0.5-2 | 140.57 | NOTE | |||
r-devel-linux-x86_64-fedora-gcc | 0.5-2 | 158.02 | NOTE | |||
r-devel-windows-x86_64 | 0.5-2 | 68.00 | 177.00 | 245.00 | NOTE | |
r-patched-linux-x86_64 | 0.5-2 | 8.51 | 99.51 | 108.02 | OK | |
r-release-linux-x86_64 | 0.5-2 | 7.37 | 94.95 | 102.32 | OK | |
r-release-macos-arm64 | 0.5-2 | 52.00 | OK | |||
r-release-macos-x86_64 | 0.5-2 | 71.00 | OK | |||
r-release-windows-x86_64 | 0.5-2 | 82.00 | 189.00 | 271.00 | OK | |
r-oldrel-macos-arm64 | 0.5-2 | 67.00 | OK | |||
r-oldrel-macos-x86_64 | 0.5-2 | 73.00 | OK | |||
r-oldrel-windows-ix86+x86_64 | 0.5-2 | 16.00 | 146.00 | 162.00 | OK |
Version: 0.5-2
Check: Rd files
Result: NOTE
checkRd: (-1) tradelist-class.Rd:91: Escaped LaTeX specials: \$
Flavors: r-devel-linux-x86_64-debian-clang, r-devel-linux-x86_64-debian-gcc, r-devel-linux-x86_64-fedora-clang, r-devel-linux-x86_64-fedora-gcc, r-devel-windows-x86_64