CRAN Package Check Results for Package poppr

Last updated on 2024-05-29 03:51:58 CEST.

Flavor Version Tinstall Tcheck Ttotal Status Flags
r-devel-linux-x86_64-debian-clang 2.9.6 38.02 270.19 308.21 WARN
r-devel-linux-x86_64-debian-gcc 2.9.6 28.90 192.98 221.88 WARN
r-devel-linux-x86_64-fedora-clang 2.9.6 381.78 OK
r-devel-linux-x86_64-fedora-gcc 2.9.6 400.49 OK
r-devel-windows-x86_64 2.9.6 37.00 242.00 279.00 OK
r-patched-linux-x86_64 2.9.6 43.58 258.76 302.34 OK
r-release-linux-x86_64 2.9.6 30.67 255.34 286.01 OK
r-release-macos-arm64 2.9.6 97.00 OK
r-release-macos-x86_64 2.9.6 273.00 OK
r-release-windows-x86_64 2.9.6 35.00 223.00 258.00 OK
r-oldrel-macos-arm64 2.9.6 110.00 OK
r-oldrel-macos-x86_64 2.9.6 215.00 OK
r-oldrel-windows-x86_64 2.9.6 46.00 277.00 323.00 OK

Check Details

Version: 2.9.6
Check: re-building of vignette outputs
Result: WARN Error(s) in re-building vignettes: ... --- re-building ‘algo.Rnw’ using knitr Error: processing vignette 'algo.Rnw' failed with diagnostics: Running 'texi2dvi' on 'algo.tex' failed. LaTeX errors: ! Undefined control sequence. l.548 \hlkwd{library}\hldef {(}\hlsng{"poppr"}\hldef{)} ? ! Emergency stop. ! Emergency stop. l.548 End of file on the terminal! ! ==> Fatal error occurred, no output PDF file produced! --- failed re-building ‘algo.Rnw’ SUMMARY: processing the following file failed: ‘algo.Rnw’ Error: Vignette re-building failed. Execution halted Flavors: r-devel-linux-x86_64-debian-clang, r-devel-linux-x86_64-debian-gcc