CRAN Package Check Results for Package popgenr

Last updated on 2021-09-19 03:51:22 CEST.

Flavor Version Tinstall Tcheck Ttotal Status Flags
r-devel-linux-x86_64-debian-clang 0.2 2.01 22.14 24.15 OK
r-devel-linux-x86_64-debian-gcc 0.2 1.85 17.58 19.43 OK
r-devel-linux-x86_64-fedora-clang 0.2 38.08 OK
r-devel-linux-x86_64-fedora-gcc 0.2 27.40 OK
r-devel-windows-x86_64 0.2 4.00 34.00 38.00 OK
r-devel-windows-x86_64-gcc10-UCRT 0.2 ERROR
r-patched-linux-x86_64 0.2 1.99 21.50 23.49 OK
r-patched-solaris-x86 0.2 42.70 OK
r-release-linux-x86_64 0.2 2.18 21.42 23.60 OK
r-release-macos-arm64 0.2 OK
r-release-macos-x86_64 0.2 OK
r-release-windows-ix86+x86_64 0.2 6.00 25.00 31.00 OK
r-oldrel-macos-x86_64 0.2 OK
r-oldrel-windows-ix86+x86_64 0.2 5.00 35.00 40.00 OK

Check Details

Version: 0.2
Check: whether package can be installed
Result: WARN
    Found the following significant warnings:
     WARNING: installation-time patches will not be applied, could not get the patches index
Flavor: r-devel-windows-x86_64-gcc10-UCRT

Version: 0.2
Check: PDF version of manual
Result: WARN
    LaTeX errors when creating PDF version.
    This typically indicates Rd problems.
Flavor: r-devel-windows-x86_64-gcc10-UCRT

Version: 0.2
Check: PDF version of manual without hyperrefs or index
Result: ERROR
    Re-running with no redirection of stdout/stderr.
Flavor: r-devel-windows-x86_64-gcc10-UCRT