CRAN Package Check Results for Package pompom

Last updated on 2022-06-24 15:52:43 CEST.

Flavor Version Tinstall Tcheck Ttotal Status Flags
r-devel-linux-x86_64-debian-clang 0.2.1 15.02 165.80 180.82 OK
r-devel-linux-x86_64-debian-gcc 0.2.1 12.93 121.24 134.17 OK
r-devel-linux-x86_64-fedora-clang 0.2.1 235.58 WARN
r-devel-linux-x86_64-fedora-gcc 0.2.1 216.04 WARN
r-devel-windows-x86_64 0.2.1 26.00 182.00 208.00 OK
r-patched-linux-x86_64 0.2.1 14.77 155.06 169.83 OK
r-release-linux-x86_64 0.2.1 10.24 153.14 163.38 OK
r-release-macos-arm64 0.2.1 62.00 OK
r-release-macos-x86_64 0.2.1 109.00 OK
r-release-windows-x86_64 0.2.1 30.00 189.00 219.00 OK
r-oldrel-macos-arm64 0.2.1 78.00 OK
r-oldrel-macos-x86_64 0.2.1 91.00 OK
r-oldrel-windows-ix86+x86_64 0.2.1 36.00 182.00 218.00 OK

Check Details

Version: 0.2.1
Check: package dependencies
Result: WARN
    Requires (indirectly) orphaned package: ‘gtools’
Flavors: r-devel-linux-x86_64-fedora-clang, r-devel-linux-x86_64-fedora-gcc