CRAN Package Check Results for Package polyqtlR

Last updated on 2025-04-30 04:50:14 CEST.

Flavor Version Tinstall Tcheck Ttotal Status Flags
r-devel-linux-x86_64-debian-clang 0.1.1 27.10 109.79 136.89 NOTE
r-devel-linux-x86_64-debian-gcc 0.1.1 20.21 79.89 100.10 OK
r-devel-linux-x86_64-fedora-clang 0.1.1 235.67 OK
r-devel-linux-x86_64-fedora-gcc 0.1.1 233.60 OK
r-devel-windows-x86_64 0.1.1 34.00 131.00 165.00 OK
r-patched-linux-x86_64 0.1.1 25.71 105.55 131.26 OK
r-release-linux-x86_64 0.1.1 24.61 106.83 131.44 OK
r-release-macos-arm64 0.1.1 79.00 OK
r-release-macos-x86_64 0.1.1 106.00 OK
r-release-windows-x86_64 0.1.1 37.00 131.00 168.00 OK
r-oldrel-macos-arm64 0.1.1 59.00 NOTE
r-oldrel-macos-x86_64 0.1.1 87.00 NOTE
r-oldrel-windows-x86_64 0.1.1 39.00 161.00 200.00 NOTE

Check Details

Version: 0.1.1
Check: examples
Result: NOTE Examples with CPU (user + system) or elapsed time > 5s user system elapsed check_cofactors 3.950 0.015 5.213 spline_IBD 3.857 0.000 5.665 Flavor: r-devel-linux-x86_64-debian-clang

Version: 0.1.1
Check: installed package size
Result: NOTE installed size is 6.3Mb sub-directories of 1Mb or more: data 2.6Mb doc 1.8Mb libs 1.4Mb Flavors: r-oldrel-macos-arm64, r-oldrel-macos-x86_64, r-oldrel-windows-x86_64