CRAN Package Check Results for Package polypoly

Last updated on 2022-07-03 03:50:03 CEST.

Flavor Version Tinstall Tcheck Ttotal Status Flags
r-devel-linux-x86_64-debian-clang 0.0.2 2.29 45.65 47.94 NOTE
r-devel-linux-x86_64-debian-gcc 0.0.2 1.84 34.04 35.88 NOTE
r-devel-linux-x86_64-fedora-clang 0.0.2 66.05 NOTE
r-devel-linux-x86_64-fedora-gcc 0.0.2 65.00 NOTE
r-devel-windows-x86_64 0.0.2 10.00 75.00 85.00 NOTE
r-patched-linux-x86_64 0.0.2 1.54 42.16 43.70 NOTE
r-release-linux-x86_64 0.0.2 1.41 43.16 44.57 NOTE
r-release-macos-arm64 0.0.2 27.00 NOTE
r-release-macos-x86_64 0.0.2 41.00 NOTE
r-release-windows-x86_64 0.0.2 19.00 81.00 100.00 NOTE
r-oldrel-macos-arm64 0.0.2 37.00 NOTE
r-oldrel-macos-x86_64 0.0.2 38.00 NOTE
r-oldrel-windows-ix86+x86_64 0.0.2 6.00 62.00 68.00 NOTE

Check Details

Version: 0.0.2
Check: LazyData
Result: NOTE
     'LazyData' is specified without a 'data' directory
Flavors: r-devel-linux-x86_64-debian-clang, r-devel-linux-x86_64-debian-gcc, r-devel-linux-x86_64-fedora-clang, r-devel-linux-x86_64-fedora-gcc, r-devel-windows-x86_64, r-patched-linux-x86_64, r-release-linux-x86_64, r-release-macos-arm64, r-release-macos-x86_64, r-release-windows-x86_64, r-oldrel-macos-arm64, r-oldrel-macos-x86_64, r-oldrel-windows-ix86+x86_64