Last updated on 2021-01-26 15:49:53 CET.
Flavor | Version | Tinstall | Tcheck | Ttotal | Status | Flags |
---|---|---|---|---|---|---|
r-devel-linux-x86_64-debian-clang | 1.0.2 | 44.52 | 76.68 | 121.20 | NOTE | |
r-devel-linux-x86_64-debian-gcc | 1.0.2 | 26.11 | 55.42 | 81.53 | NOTE | |
r-devel-linux-x86_64-fedora-clang | 1.0.2 | 166.86 | NOTE | |||
r-devel-linux-x86_64-fedora-gcc | 1.0.2 | 144.31 | NOTE | |||
r-devel-windows-ix86+x86_64 | 1.0.2 | 95.00 | 130.00 | 225.00 | OK | |
r-patched-linux-x86_64 | 1.0.2 | 33.71 | 73.13 | 106.84 | NOTE | |
r-patched-solaris-x86 | 1.0.2 | 226.40 | NOTE | |||
r-release-linux-x86_64 | 1.0.2 | 32.20 | 74.97 | 107.17 | NOTE | |
r-release-macos-x86_64 | 1.0.2 | OK | ||||
r-release-windows-ix86+x86_64 | 1.0.2 | 97.00 | 118.00 | 215.00 | OK | |
r-oldrel-macos-x86_64 | 1.0.2 | OK | ||||
r-oldrel-windows-ix86+x86_64 | 1.0.2 | 79.00 | 132.00 | 211.00 | OK |
Version: 1.0.2
Check: for non-standard things in the check directory
Result: NOTE
Found the following files/directories:
'polyfreqs-mcmc.out'
Flavors: r-devel-linux-x86_64-debian-clang, r-devel-linux-x86_64-debian-gcc, r-devel-linux-x86_64-fedora-clang, r-devel-linux-x86_64-fedora-gcc, r-patched-linux-x86_64, r-patched-solaris-x86, r-release-linux-x86_64
Version: 1.0.2
Check: compiled code
Result: NOTE
File ‘polyfreqs/libs/polyfreqs.so’:
Found no calls to: ‘R_registerRoutines’, ‘R_useDynamicSymbols’
It is good practice to register native routines and to disable symbol
search.
See ‘Writing portable packages’ in the ‘Writing R Extensions’ manual.
Flavors: r-devel-linux-x86_64-fedora-clang, r-devel-linux-x86_64-fedora-gcc