CRAN Package Check Results for Package polyclip

Last updated on 2020-09-22 03:49:34 CEST.

Flavor Version Tinstall Tcheck Ttotal Status Flags
r-devel-linux-x86_64-debian-clang 1.10-0 13.45 23.07 36.52 OK
r-devel-linux-x86_64-debian-gcc 1.10-0 0.30 1.84 2.14 ERROR
r-devel-linux-x86_64-fedora-clang 1.10-0 58.61 OK
r-devel-linux-x86_64-fedora-gcc 1.10-0 45.00 OK
r-devel-windows-ix86+x86_64 1.10-0 32.00 44.00 76.00 OK
r-patched-linux-x86_64 1.10-0 10.39 22.69 33.08 OK
r-patched-solaris-x86 1.10-0 64.40 OK
r-release-linux-x86_64 1.10-0 10.43 22.68 33.11 OK
r-release-macos-x86_64 1.10-0 OK
r-release-windows-ix86+x86_64 1.10-0 25.00 53.00 78.00 OK
r-oldrel-macos-x86_64 1.10-0 OK
r-oldrel-windows-ix86+x86_64 1.10-0 23.00 65.00 88.00 OK

Check Details

Version: 1.10-0
Check: whether package can be installed
Result: ERROR
    Installation failed.
Flavor: r-devel-linux-x86_64-debian-gcc