CRAN Package Check Results for Package polyclip

Last updated on 2021-09-19 03:51:22 CEST.

Flavor Version Tinstall Tcheck Ttotal Status Flags
r-devel-linux-x86_64-debian-clang 1.10-0 14.27 25.22 39.49 NOTE
r-devel-linux-x86_64-debian-gcc 1.10-0 8.12 19.93 28.05 NOTE
r-devel-linux-x86_64-fedora-clang 1.10-0 60.65 NOTE
r-devel-linux-x86_64-fedora-gcc 1.10-0 46.79 NOTE
r-devel-windows-x86_64 1.10-0 16.00 45.00 61.00 NOTE
r-devel-windows-x86_64-gcc10-UCRT 1.10-0 ERROR
r-patched-linux-x86_64 1.10-0 11.50 24.88 36.38 NOTE
r-patched-solaris-x86 1.10-0 68.50 NOTE
r-release-linux-x86_64 1.10-0 10.73 24.99 35.72 NOTE
r-release-macos-arm64 1.10-0 NOTE
r-release-macos-x86_64 1.10-0 NOTE
r-release-windows-ix86+x86_64 1.10-0 29.00 44.00 73.00 NOTE
r-oldrel-macos-x86_64 1.10-0 OK
r-oldrel-windows-ix86+x86_64 1.10-0 25.00 44.00 69.00 OK

Check Details

Version: 1.10-0
Check: LazyData
Result: NOTE
     'LazyData' is specified without a 'data' directory
Flavors: r-devel-linux-x86_64-debian-clang, r-devel-linux-x86_64-debian-gcc, r-devel-linux-x86_64-fedora-clang, r-devel-linux-x86_64-fedora-gcc, r-devel-windows-x86_64, r-patched-linux-x86_64, r-patched-solaris-x86, r-release-linux-x86_64, r-release-macos-arm64, r-release-macos-x86_64, r-release-windows-ix86+x86_64

Version: 1.10-0
Check: whether package can be installed
Result: ERROR
    Installation failed.
Flavor: r-devel-windows-x86_64-gcc10-UCRT