CRAN Package Check Results for Package polySegratio

Last updated on 2022-07-01 15:51:25 CEST.

Flavor Version Tinstall Tcheck Ttotal Status Flags
r-devel-linux-x86_64-debian-clang 0.2-5 3.73 39.56 43.29 OK
r-devel-linux-x86_64-debian-gcc 0.2-5 2.50 30.90 33.40 OK
r-devel-linux-x86_64-fedora-clang 0.2-5 64.33 WARN
r-devel-linux-x86_64-fedora-gcc 0.2-5 63.07 WARN
r-devel-windows-x86_64 0.2-5 26.00 86.00 112.00 OK
r-patched-linux-x86_64 0.2-5 4.36 38.32 42.68 OK
r-release-linux-x86_64 0.2-5 3.58 38.21 41.79 OK
r-release-macos-arm64 0.2-5 26.00 OK
r-release-macos-x86_64 0.2-5 32.00 OK
r-release-windows-x86_64 0.2-5 23.00 86.00 109.00 OK
r-oldrel-macos-arm64 0.2-5 30.00 OK
r-oldrel-macos-x86_64 0.2-5 38.00 OK
r-oldrel-windows-ix86+x86_64 0.2-5 7.00 58.00 65.00 OK

Check Details

Version: 0.2-5
Check: package dependencies
Result: WARN
    Requires (indirectly) orphaned package: ‘gtools’
Flavors: r-devel-linux-x86_64-fedora-clang, r-devel-linux-x86_64-fedora-gcc