Last updated on 2023-02-08 15:52:49 CET.
Flavor | Version | Tinstall | Tcheck | Ttotal | Status | Flags |
---|---|---|---|---|---|---|
r-devel-linux-x86_64-debian-clang | 1.2.1.14 | 5.16 | 50.20 | 55.36 | OK | |
r-devel-linux-x86_64-debian-gcc | 1.2.1.14 | 4.18 | 37.82 | 42.00 | OK | |
r-devel-linux-x86_64-fedora-clang | 1.2.1.14 | 68.09 | NOTE | |||
r-devel-linux-x86_64-fedora-gcc | 1.2.1.14 | 69.03 | NOTE | |||
r-devel-windows-x86_64 | 1.2.1.14 | 21.00 | 78.00 | 99.00 | OK | |
r-patched-linux-x86_64 | 1.2.1.14 | 5.47 | 48.13 | 53.60 | OK | |
r-release-linux-x86_64 | 1.2.1.14 | 4.86 | 49.41 | 54.27 | OK | |
r-release-macos-arm64 | 1.2.1.14 | 25.00 | NOTE | |||
r-release-macos-x86_64 | 1.2.1.14 | 46.00 | NOTE | |||
r-release-windows-x86_64 | 1.2.1.14 | 29.00 | 85.00 | 114.00 | OK | |
r-oldrel-macos-arm64 | 1.2.1.14 | 23.00 | NOTE | |||
r-oldrel-macos-x86_64 | 1.2.1.14 | 34.00 | NOTE | |||
r-oldrel-windows-ix86+x86_64 | 1.2.1.14 | 16.00 | 78.00 | 94.00 | OK |
Version: 1.2.1.14
Check: dependencies in R code
Result: NOTE
Namespaces in Imports field not imported from:
‘MASS’ ‘car’ ‘formula.tools’ ‘ggplot2’ ‘gplots’ ‘graphics’ ‘purrr’
‘rstatix’ ‘stringr’ ‘tidyverse’
All declared Imports should be used.
Flavors: r-devel-linux-x86_64-fedora-clang, r-devel-linux-x86_64-fedora-gcc, r-release-macos-arm64, r-release-macos-x86_64, r-oldrel-macos-arm64, r-oldrel-macos-x86_64
Version: 1.2.1.14
Check: data for non-ASCII characters
Result: NOTE
Note: found 2 marked UTF-8 strings
Flavors: r-devel-linux-x86_64-fedora-clang, r-devel-linux-x86_64-fedora-gcc, r-release-macos-arm64, r-release-macos-x86_64, r-oldrel-macos-arm64, r-oldrel-macos-x86_64