CRAN Package Check Results for Package poissonreg

Last updated on 2022-08-12 03:53:34 CEST.

Flavor Version Tinstall Tcheck Ttotal Status Flags
r-devel-linux-x86_64-debian-clang 1.0.0 10.58 105.89 116.47 NOTE
r-devel-linux-x86_64-debian-gcc 1.0.0 7.37 79.53 86.90 NOTE
r-devel-linux-x86_64-fedora-clang 1.0.0 145.18 OK
r-devel-linux-x86_64-fedora-gcc 1.0.0 142.83 OK
r-devel-windows-x86_64 1.0.0 14.00 128.00 142.00 OK
r-patched-linux-x86_64 1.0.0 7.95 100.00 107.95 OK
r-release-linux-x86_64 1.0.0 8.12 99.06 107.18 OK
r-release-macos-arm64 1.0.0 39.00 OK
r-release-macos-x86_64 1.0.0 54.00 OK
r-release-windows-x86_64 1.0.0 32.00 129.00 161.00 OK
r-oldrel-macos-arm64 1.0.0 36.00 OK
r-oldrel-macos-x86_64 1.0.0 52.00 OK
r-oldrel-windows-ix86+x86_64 1.0.0 24.00 126.00 150.00 OK

Check Details

Version: 1.0.0
Check: HTML version of manual
Result: NOTE
    Found the following HTML validation problems:
    poissonreg-package.html:38:90: Warning: inserting implicit <p>
    poissonreg-package.html:74:31: Warning: inserting implicit <p>
    poissonreg-package.html:38:90: Warning: trimming empty <p>
    poissonreg-package.html:74:31: Warning: trimming empty <p>
Flavors: r-devel-linux-x86_64-debian-clang, r-devel-linux-x86_64-debian-gcc