CRAN Package Check Results for Package pmxTools

Last updated on 2020-09-20 03:47:33 CEST.

Flavor Version Tinstall Tcheck Ttotal Status Flags
r-devel-linux-x86_64-debian-clang 1.2.1 11.57 87.09 98.66 OK
r-devel-linux-x86_64-debian-gcc 1.2.1 9.92 64.26 74.18 OK
r-devel-linux-x86_64-fedora-clang 1.2.1 139.07 NOTE
r-devel-linux-x86_64-fedora-gcc 1.2.1 118.03 NOTE
r-devel-windows-ix86+x86_64 1.2.1 24.00 92.00 116.00 OK
r-patched-linux-x86_64 1.2.1 11.13 82.54 93.67 OK
r-patched-solaris-x86 1.2.1 156.50 NOTE
r-release-linux-x86_64 1.2.1 10.58 83.14 93.72 OK
r-release-macos-x86_64 1.2.1 NOTE
r-release-windows-ix86+x86_64 1.2.1 22.00 118.00 140.00 OK
r-oldrel-macos-x86_64 1.2.1 NOTE
r-oldrel-windows-ix86+x86_64 1.2.1 13.00 112.00 125.00 NOTE

Check Details

Version: 1.2.1
Check: dependencies in R code
Result: NOTE
    Namespaces in Imports field not imported from:
     ‘ggrepel’ ‘gridExtra’
     All declared Imports should be used.
Flavors: r-devel-linux-x86_64-fedora-clang, r-devel-linux-x86_64-fedora-gcc, r-patched-solaris-x86, r-release-macos-x86_64, r-oldrel-macos-x86_64

Version: 1.2.1
Check: R code for possible problems
Result: NOTE
    plot_scm: no visible global function definition for ‘plot’
    Undefined global functions or variables:
     plot
    Consider adding
     importFrom("graphics", "plot")
    to your NAMESPACE file.
Flavors: r-oldrel-macos-x86_64, r-oldrel-windows-ix86+x86_64