CRAN Package Check Results for Package pmd

Last updated on 2022-09-30 04:59:16 CEST.

Flavor Version Tinstall Tcheck Ttotal Status Flags
r-devel-linux-x86_64-debian-clang 0.2.1 5.97 156.43 162.40 OK
r-devel-linux-x86_64-debian-gcc 0.2.1 5.88 117.72 123.60 OK
r-devel-linux-x86_64-fedora-clang 0.2.1 221.32 NOTE
r-devel-linux-x86_64-fedora-gcc 0.2.1 212.31 NOTE
r-devel-windows-x86_64 0.2.1 20.00 210.00 230.00 OK
r-patched-linux-x86_64 0.2.1 6.98 154.81 161.79 OK
r-release-linux-x86_64 0.2.1 6.10 158.00 164.10 OK
r-release-macos-arm64 0.2.1 62.00 NOTE
r-release-macos-x86_64 0.2.1 90.00 NOTE
r-release-windows-x86_64 0.2.1 19.00 200.00 219.00 OK
r-oldrel-macos-arm64 0.2.1 112.00 NOTE
r-oldrel-macos-x86_64 0.2.1 81.00 NOTE
r-oldrel-windows-ix86+x86_64 0.2.1 14.00 196.00 210.00 OK

Check Details

Version: 0.2.1
Check: data for non-ASCII characters
Result: NOTE
     Note: found 62 marked UTF-8 strings
Flavors: r-devel-linux-x86_64-fedora-clang, r-devel-linux-x86_64-fedora-gcc, r-release-macos-arm64, r-release-macos-x86_64, r-oldrel-macos-arm64, r-oldrel-macos-x86_64