CRAN Package Check Results for Package plyr

Last updated on 2020-10-31 15:47:25 CET.

Flavor Version Tinstall Tcheck Ttotal Status Flags
r-devel-linux-x86_64-debian-clang 1.8.6 20.41 73.05 93.46 OK
r-devel-linux-x86_64-debian-gcc 1.8.6 16.45 52.81 69.26 OK
r-devel-linux-x86_64-fedora-clang 1.8.6 123.57 OK
r-devel-linux-x86_64-fedora-gcc 1.8.6 109.62 OK
r-devel-windows-ix86+x86_64 1.8.6 1.00 7.00 8.00 ERROR
r-patched-linux-x86_64 1.8.6 22.17 68.51 90.68 OK
r-patched-solaris-x86 1.8.6 131.90 OK
r-release-linux-x86_64 1.8.6 20.45 68.82 89.27 OK
r-release-macos-x86_64 1.8.6 OK
r-release-windows-ix86+x86_64 1.8.6 41.00 169.00 210.00 OK
r-oldrel-macos-x86_64 1.8.6 NOTE
r-oldrel-windows-ix86+x86_64 1.8.6 47.00 107.00 154.00 OK

Check Details

Version: 1.8.6
Check: whether package can be installed
Result: ERROR
    Installation failed.
Flavor: r-devel-windows-ix86+x86_64

Version: 1.8.6
Check: dependencies in R code
Result: NOTE
    No protocol specified
    No protocol specified
Flavor: r-oldrel-macos-x86_64