Last updated on 2023-03-24 03:54:25 CET.
Flavor | Version | Tinstall | Tcheck | Ttotal | Status | Flags |
---|---|---|---|---|---|---|
r-devel-linux-x86_64-debian-clang | 0.9.10 | 10.42 | 82.16 | 92.58 | OK | |
r-devel-linux-x86_64-debian-gcc | 0.9.10 | 8.59 | 62.13 | 70.72 | OK | |
r-devel-linux-x86_64-fedora-clang | 0.9.10 | 112.59 | OK | |||
r-devel-linux-x86_64-fedora-gcc | 0.9.10 | 108.32 | OK | |||
r-patched-linux-x86_64 | 0.9.10 | 11.29 | 80.59 | 91.88 | OK | |
r-release-linux-x86_64 | 0.9.10 | 8.57 | 80.00 | 88.57 | OK | |
r-release-macos-arm64 | 0.9.10 | 32.00 | NOTE | |||
r-release-macos-x86_64 | 0.9.10 | 44.00 | NOTE | |||
r-release-windows-x86_64 | 0.9.10 | 33.00 | 109.00 | 142.00 | OK | |
r-oldrel-macos-arm64 | 0.9.10 | 34.00 | NOTE | |||
r-oldrel-macos-x86_64 | 0.9.10 | 46.00 | NOTE | |||
r-oldrel-windows-ix86+x86_64 | 0.9.10 | 21.00 | 102.00 | 123.00 | OK |
Version: 0.9.10
Check: package dependencies
Result: NOTE
Package suggested but not available for checking: ‘Rmpi’
Flavors: r-release-macos-arm64, r-release-macos-x86_64, r-oldrel-macos-arm64, r-oldrel-macos-x86_64