CRAN Package Check Results for Package plotrr

Last updated on 2020-10-21 03:47:28 CEST.

Flavor Version Tinstall Tcheck Ttotal Status Flags
r-devel-linux-x86_64-debian-clang 1.0.0 2.17 45.68 47.85 OK
r-devel-linux-x86_64-debian-gcc 1.0.0 1.70 33.90 35.60 OK
r-devel-linux-x86_64-fedora-clang 1.0.0 63.18 NOTE
r-devel-linux-x86_64-fedora-gcc 1.0.0 53.16 NOTE
r-devel-windows-ix86+x86_64 1.0.0 5.00 49.00 54.00 OK
r-patched-linux-x86_64 1.0.0 2.25 43.16 45.41 OK
r-patched-solaris-x86 1.0.0 77.10 NOTE
r-release-linux-x86_64 1.0.0 2.05 42.09 44.14 OK
r-release-macos-x86_64 1.0.0 NOTE
r-release-windows-ix86+x86_64 1.0.0 11.00 51.00 62.00 OK
r-oldrel-macos-x86_64 1.0.0 NOTE
r-oldrel-windows-ix86+x86_64 1.0.0 3.00 64.00 67.00 OK

Check Details

Version: 1.0.0
Check: dependencies in R code
Result: NOTE
    Namespaces in Imports field not imported from:
     ‘dplyr’ ‘stats’
     All declared Imports should be used.
Flavors: r-devel-linux-x86_64-fedora-clang, r-devel-linux-x86_64-fedora-gcc, r-patched-solaris-x86, r-release-macos-x86_64, r-oldrel-macos-x86_64