CRAN Package Check Results for Package plotmm

Last updated on 2020-09-24 15:48:37 CEST.

Flavor Version Tinstall Tcheck Ttotal Status Flags
r-devel-linux-x86_64-debian-clang 0.1.0 2.63 53.22 55.85 OK
r-devel-linux-x86_64-debian-gcc 0.1.0 2.19 39.00 41.19 OK
r-devel-linux-x86_64-fedora-clang 0.1.0 73.81 NOTE
r-devel-linux-x86_64-fedora-gcc 0.1.0 64.04 NOTE
r-devel-windows-ix86+x86_64 0.1.0 7.00 76.00 83.00 OK
r-patched-linux-x86_64 0.1.0 2.66 50.52 53.18 OK
r-patched-solaris-x86 0.1.0 96.60 NOTE
r-release-linux-x86_64 0.1.0 2.43 51.64 54.07 OK
r-release-macos-x86_64 0.1.0 NOTE
r-release-windows-ix86+x86_64 0.1.0 7.00 78.00 85.00 OK
r-oldrel-macos-x86_64 0.1.0 NOTE
r-oldrel-windows-ix86+x86_64 0.1.0 3.00 75.00 78.00 OK

Check Details

Version: 0.1.0
Check: dependencies in R code
Result: NOTE
    Namespaces in Imports field not imported from:
     ‘dplyr’ ‘patchwork’
     All declared Imports should be used.
Flavors: r-devel-linux-x86_64-fedora-clang, r-devel-linux-x86_64-fedora-gcc, r-patched-solaris-x86, r-release-macos-x86_64, r-oldrel-macos-x86_64