CRAN Package Check Results for Package plotly

Last updated on 2020-09-29 15:47:41 CEST.

Flavor Version Tinstall Tcheck Ttotal Status Flags
r-devel-linux-x86_64-debian-clang 4.9.2.1 16.67 244.96 261.63 OK
r-devel-linux-x86_64-debian-gcc 4.9.2.1 15.09 175.01 190.10 OK
r-devel-linux-x86_64-fedora-clang 4.9.2.1 294.42 NOTE
r-devel-linux-x86_64-fedora-gcc 4.9.2.1 284.51 OK
r-devel-windows-ix86+x86_64 4.9.2.1 29.00 178.00 207.00 NOTE
r-patched-linux-x86_64 4.9.2.1 17.23 219.03 236.26 OK
r-patched-solaris-x86 4.9.2.1 365.80 NOTE
r-release-linux-x86_64 4.9.2.1 15.67 219.60 235.27 OK
r-release-macos-x86_64 4.9.2.1 NOTE
r-release-windows-ix86+x86_64 4.9.2.1 31.00 278.00 309.00 NOTE
r-oldrel-macos-x86_64 4.9.2.1 NOTE
r-oldrel-windows-ix86+x86_64 4.9.2.1 27.00 263.00 290.00 NOTE

Check Details

Version: 4.9.2.1
Check: installed package size
Result: NOTE
     installed size is 6.8Mb
     sub-directories of 1Mb or more:
     htmlwidgets 3.7Mb
Flavors: r-devel-linux-x86_64-fedora-clang, r-devel-windows-ix86+x86_64, r-patched-solaris-x86, r-release-macos-x86_64, r-release-windows-ix86+x86_64, r-oldrel-macos-x86_64, r-oldrel-windows-ix86+x86_64