CRAN Package Check Results for Package plotluck

Last updated on 2022-09-29 03:58:10 CEST.

Flavor Version Tinstall Tcheck Ttotal Status Flags
r-devel-linux-x86_64-debian-clang 1.1.1 8.99 191.89 200.88 NOTE
r-devel-linux-x86_64-debian-gcc 1.1.1 7.16 143.04 150.20 NOTE
r-devel-linux-x86_64-fedora-clang 1.1.1 249.31 NOTE
r-devel-linux-x86_64-fedora-gcc 1.1.1 237.02 NOTE
r-devel-windows-x86_64 1.1.1 24.00 209.00 233.00 NOTE
r-patched-linux-x86_64 1.1.1 6.82 180.36 187.18 NOTE
r-release-linux-x86_64 1.1.1 5.64 182.52 188.16 NOTE
r-release-macos-arm64 1.1.1 67.00 NOTE
r-release-macos-x86_64 1.1.1 116.00 NOTE
r-release-windows-x86_64 1.1.1 26.00 223.00 249.00 NOTE
r-oldrel-macos-arm64 1.1.1 94.00 NOTE
r-oldrel-macos-x86_64 1.1.1 93.00 NOTE
r-oldrel-windows-ix86+x86_64 1.1.1 21.00 215.00 236.00 NOTE

Check Details

Version: 1.1.1
Check: LazyData
Result: NOTE
     'LazyData' is specified without a 'data' directory
Flavors: r-devel-linux-x86_64-debian-clang, r-devel-linux-x86_64-debian-gcc, r-devel-linux-x86_64-fedora-clang, r-devel-linux-x86_64-fedora-gcc, r-devel-windows-x86_64, r-patched-linux-x86_64, r-release-linux-x86_64, r-release-macos-arm64, r-release-macos-x86_64, r-release-windows-x86_64, r-oldrel-macos-arm64, r-oldrel-macos-x86_64, r-oldrel-windows-ix86+x86_64

Version: 1.1.1
Check: dependencies in R code
Result: NOTE
    Namespaces in Imports field not imported from:
     ‘hexbin’ ‘quantreg’
     All declared Imports should be used.
Flavors: r-devel-linux-x86_64-fedora-clang, r-devel-linux-x86_64-fedora-gcc, r-release-macos-arm64, r-release-macos-x86_64, r-oldrel-macos-arm64, r-oldrel-macos-x86_64