CRAN Package Check Results for Package plotMCMC

Last updated on 2020-11-28 03:52:43 CET.

Flavor Version Tinstall Tcheck Ttotal Status Flags
r-devel-linux-x86_64-debian-clang 2.0.1 4.26 46.75 51.01 OK
r-devel-linux-x86_64-debian-gcc 2.0.1 3.28 34.61 37.89 OK
r-devel-linux-x86_64-fedora-clang 2.0.1 65.24 NOTE
r-devel-linux-x86_64-fedora-gcc 2.0.1 55.25 OK
r-devel-windows-ix86+x86_64 2.0.1 8.00 70.00 78.00 OK
r-patched-linux-x86_64 2.0.1 3.84 45.22 49.06 OK
r-patched-solaris-x86 2.0.1 79.10 OK
r-release-linux-x86_64 2.0.1 4.37 50.34 54.71 OK
r-release-macos-x86_64 2.0.1 OK
r-release-windows-ix86+x86_64 2.0.1 7.00 68.00 75.00 OK
r-oldrel-macos-x86_64 2.0.1 OK
r-oldrel-windows-ix86+x86_64 2.0.1 5.00 60.00 65.00 OK

Check Details

Version: 2.0.1
Check: Rd cross-references
Result: NOTE
    Undeclared package ‘scape’ in Rd xrefs
Flavor: r-devel-linux-x86_64-fedora-clang