CRAN Package Check Results for Package plot.matrix

Last updated on 2022-07-03 03:50:03 CEST.

Flavor Version Tinstall Tcheck Ttotal Status Flags
r-devel-linux-x86_64-debian-clang 1.6.2 3.67 49.83 53.50 OK
r-devel-linux-x86_64-debian-gcc 1.6.2 2.01 37.08 39.09 OK
r-devel-linux-x86_64-fedora-clang 1.6.2 74.43 NOTE
r-devel-linux-x86_64-fedora-gcc 1.6.2 72.56 OK
r-devel-windows-x86_64 1.6.2 29.00 75.00 104.00 OK
r-patched-linux-x86_64 1.6.2 3.86 47.35 51.21 OK
r-release-linux-x86_64 1.6.2 3.18 46.29 49.47 OK
r-release-macos-arm64 1.6.2 30.00 OK
r-release-macos-x86_64 1.6.2 43.00 OK
r-release-windows-x86_64 1.6.2 39.00 79.00 118.00 OK
r-oldrel-macos-arm64 1.6.2 32.00 OK
r-oldrel-macos-x86_64 1.6.2 38.00 OK
r-oldrel-windows-ix86+x86_64 1.6.2 7.00 69.00 76.00 OK

Check Details

Version: 1.6.2
Check: Rd cross-references
Result: NOTE
    Undeclared package ‘exams’ in Rd xrefs
Flavor: r-devel-linux-x86_64-fedora-clang