CRAN Package Check Results for Package plogr

Last updated on 2024-07-24 15:51:44 CEST.

Flavor Version Tinstall Tcheck Ttotal Status Flags
r-devel-linux-x86_64-debian-clang 0.2.0 1.65 26.79 28.44 NOTE
r-devel-linux-x86_64-debian-gcc 0.2.0 1.24 20.29 21.53 NOTE
r-devel-linux-x86_64-fedora-clang 0.2.0 44.58 NOTE
r-devel-linux-x86_64-fedora-gcc 0.2.0 36.25 NOTE
r-devel-windows-x86_64 0.2.0 4.00 49.00 53.00 NOTE
r-patched-linux-x86_64 0.2.0 1.37 29.05 30.42 NOTE
r-release-linux-x86_64 0.2.0 1.56 25.13 26.69 NOTE
r-release-macos-arm64 0.2.0 17.00 NOTE
r-release-macos-x86_64 0.2.0 35.00 NOTE
r-release-windows-x86_64 0.2.0 2.00 50.00 52.00 NOTE
r-oldrel-macos-arm64 0.2.0 21.00 NOTE
r-oldrel-macos-x86_64 0.2.0 25.00 NOTE
r-oldrel-windows-x86_64 0.2.0 3.00 51.00 54.00 NOTE

Check Details

Version: 0.2.0
Check: LazyData
Result: NOTE 'LazyData' is specified without a 'data' directory Flavors: r-devel-linux-x86_64-debian-clang, r-devel-linux-x86_64-debian-gcc, r-devel-linux-x86_64-fedora-clang, r-devel-linux-x86_64-fedora-gcc, r-devel-windows-x86_64, r-patched-linux-x86_64, r-release-linux-x86_64, r-release-macos-arm64, r-release-macos-x86_64, r-release-windows-x86_64, r-oldrel-macos-arm64, r-oldrel-macos-x86_64, r-oldrel-windows-x86_64