CRAN Package Check Results for Package plm

Last updated on 2022-07-04 03:52:25 CEST.

Flavor Version Tinstall Tcheck Ttotal Status Flags
r-devel-linux-x86_64-debian-clang 2.6-1 18.58 220.58 239.16 NOTE
r-devel-linux-x86_64-debian-gcc 2.6-1 16.75 160.15 176.90 NOTE
r-devel-linux-x86_64-fedora-clang 2.6-1 290.44 NOTE
r-devel-linux-x86_64-fedora-gcc 2.6-1 289.90 NOTE
r-devel-windows-x86_64 2.6-1 99.00 247.00 346.00 NOTE
r-patched-linux-x86_64 2.6-1 21.28 203.78 225.06 OK
r-release-linux-x86_64 2.6-1 19.45 201.62 221.07 OK
r-release-macos-arm64 2.6-1 75.00 OK
r-release-macos-x86_64 2.6-1 109.00 OK
r-release-windows-x86_64 2.6-1 109.00 249.00 358.00 OK
r-oldrel-macos-arm64 2.6-1 70.00 OK
r-oldrel-macos-x86_64 2.6-1 119.00 OK
r-oldrel-windows-ix86+x86_64 2.6-1 45.00 254.00 299.00 OK

Check Details

Version: 2.6-1
Check: Rd files
Result: NOTE
    checkRd: (-1) Parity.Rd:21: Escaped LaTeX specials: \&
    checkRd: (-1) Parity.Rd:34: Escaped LaTeX specials: \&
    checkRd: (-1) aneweytest.Rd:40: Escaped LaTeX specials: \&
    checkRd: (-1) purtest.Rd:177: Escaped LaTeX specials: \&
    checkRd: (-1) vcovBK.Rd:108: Escaped LaTeX specials: \&
    checkRd: (-1) vcovDC.Rd:77: Escaped LaTeX specials: \&
    checkRd: (-1) vcovDC.Rd:79: Escaped LaTeX specials: \&
    checkRd: (-1) vcovHC.plm.Rd:143: Escaped LaTeX specials: \&
    checkRd: (-1) vcovNW.Rd:95: Escaped LaTeX specials: \&
    checkRd: (-1) vcovSCC.Rd:107: Escaped LaTeX specials: \&
Flavors: r-devel-linux-x86_64-debian-clang, r-devel-linux-x86_64-debian-gcc, r-devel-linux-x86_64-fedora-clang, r-devel-linux-x86_64-fedora-gcc, r-devel-windows-x86_64