CRAN Package Check Results for Package plgraphics

Last updated on 2024-07-20 03:49:10 CEST.

Flavor Version Tinstall Tcheck Ttotal Status Flags
r-devel-linux-x86_64-debian-clang 1.2 19.16 235.56 254.72 NOTE
r-devel-linux-x86_64-debian-gcc 1.2 16.77 165.34 182.11 NOTE
r-devel-linux-x86_64-fedora-clang 1.2 305.62 NOTE
r-devel-linux-x86_64-fedora-gcc 1.2 304.36 NOTE
r-devel-windows-x86_64 1.2 17.00 207.00 224.00 NOTE
r-patched-linux-x86_64 1.2 24.61 218.47 243.08 NOTE
r-release-linux-x86_64 1.2 19.53 222.71 242.24 NOTE
r-release-macos-arm64 1.2 89.00 NOTE
r-release-macos-x86_64 1.2 143.00 WARN
r-release-windows-x86_64 1.2 18.00 204.00 222.00 NOTE
r-oldrel-macos-arm64 1.2 91.00 OK
r-oldrel-macos-x86_64 1.2 192.00 OK
r-oldrel-windows-x86_64 1.2 23.00 243.00 266.00 OK

Check Details

Version: 1.2
Check: Rd files
Result: NOTE checkRd: (-1) plgraphics-internal.Rd:19: Lost braces 19 | \item{RNAMES}{code{row.names} if \code{x} is a matrix or data.frame, | ^ Flavors: r-devel-linux-x86_64-debian-clang, r-devel-linux-x86_64-debian-gcc, r-devel-linux-x86_64-fedora-clang, r-devel-linux-x86_64-fedora-gcc, r-devel-windows-x86_64, r-patched-linux-x86_64, r-release-linux-x86_64, r-release-macos-arm64, r-release-macos-x86_64, r-release-windows-x86_64

Version: 1.2
Check: Rd cross-references
Result: NOTE Found the following Rd file(s) with Rd \link{} targets missing package anchors: Tobit.Rd: Surv Please provide package anchors for all Rd \link{} targets not in the package itself and the base packages. Flavor: r-devel-windows-x86_64

Version: 1.2
Check: re-building of vignette outputs
Result: WARN Error(s) in re-building vignettes: ... --- re-building ‘pl-description.Rnw’ using knitr Error: processing vignette 'pl-description.Rnw' failed with diagnostics: Running 'texi2dvi' on 'pl-description.tex' failed. LaTeX errors: ! Undefined control sequence. l.198 \hlkwd{plyx}\hldef {(Sepal.Width}\hlopt{~}\hldef{Sepal.Length,} \hlkwc{... ? ! Emergency stop. l.198 End of file on the terminal! ! ==> Fatal error occurred, no output PDF file produced! --- failed re-building ‘pl-description.Rnw’ SUMMARY: processing the following file failed: ‘pl-description.Rnw’ Error: Vignette re-building failed. Execution halted Flavor: r-release-macos-x86_64